Last updated on 2023-06-05 20:57:46 CEST.
Flavor | Version | Tinstall | Tcheck | Ttotal | Status | Flags |
---|---|---|---|---|---|---|
r-devel-linux-x86_64-debian-clang | 0.2.2 | 52.22 | 459.61 | 511.83 | OK | |
r-devel-linux-x86_64-debian-gcc | 0.2.2 | 41.59 | 322.15 | 363.74 | OK | |
r-devel-linux-x86_64-fedora-clang | 0.2.2 | 650.72 | NOTE | |||
r-devel-linux-x86_64-fedora-gcc | 0.2.2 | 610.32 | NOTE | |||
r-devel-windows-x86_64 | 0.2.2 | 40.00 | 366.00 | 406.00 | OK | |
r-patched-linux-x86_64 | 0.2.2 | 42.94 | 417.04 | 459.98 | OK | |
r-release-linux-x86_64 | 0.2.2 | 39.59 | 416.10 | 455.69 | OK | |
r-release-macos-arm64 | 0.2.2 | 206.00 | NOTE | |||
r-release-macos-x86_64 | 0.2.1 | 310.00 | NOTE | |||
r-release-windows-x86_64 | 0.2.2 | 55.00 | 431.00 | 486.00 | OK | |
r-oldrel-macos-arm64 | 0.2.2 | 185.00 | NOTE | |||
r-oldrel-macos-x86_64 | 0.2.2 | 229.00 | NOTE | |||
r-oldrel-windows-x86_64 | 0.2.2 | 51.00 | 417.00 | 468.00 | OK |
Version: 0.2.2
Check: dependencies in R code
Result: NOTE
Namespace in Imports field not imported from: ‘fixest’
All declared Imports should be used.
Flavors: r-devel-linux-x86_64-fedora-clang, r-devel-linux-x86_64-fedora-gcc
Version: 0.2.2
Check: installed package size
Result: NOTE
installed size is 9.9Mb
sub-directories of 1Mb or more:
data 1.8Mb
libs 7.7Mb
Flavors: r-release-macos-arm64, r-oldrel-macos-arm64, r-oldrel-macos-x86_64
Version: 0.2.1
Check: installed package size
Result: NOTE
installed size is 10.3Mb
sub-directories of 1Mb or more:
data 2.8Mb
libs 7.0Mb
Flavor: r-release-macos-x86_64