Last updated on 2023-11-27 18:51:14 CET.
Flavor | Version | Tinstall | Tcheck | Ttotal | Status | Flags |
---|---|---|---|---|---|---|
r-devel-linux-x86_64-debian-clang | 1.1.0 | 8.18 | 53.85 | 62.03 | NOTE | |
r-devel-linux-x86_64-debian-gcc | 1.1.0 | 6.77 | 41.19 | 47.96 | NOTE | |
r-devel-linux-x86_64-fedora-clang | 1.1.0 | 81.51 | NOTE | |||
r-devel-linux-x86_64-fedora-gcc | 1.1.0 | 77.54 | NOTE | |||
r-devel-windows-x86_64 | 1.1.0 | 9.00 | 70.00 | 79.00 | NOTE | |
r-patched-linux-x86_64 | 1.1.0 | 6.71 | 53.50 | 60.21 | NOTE | |
r-release-linux-x86_64 | 1.1.0 | 4.82 | 52.88 | 57.70 | NOTE | |
r-release-macos-arm64 | 1.1.0 | 25.00 | NOTE | |||
r-release-macos-x86_64 | 1.1.0 | 39.00 | NOTE | |||
r-release-windows-x86_64 | 1.1.0 | 12.00 | 79.00 | 91.00 | NOTE | |
r-oldrel-macos-arm64 | 1.1.0 | 22.00 | NOTE | |||
r-oldrel-macos-x86_64 | 1.1.0 | 52.00 | NOTE | |||
r-oldrel-windows-x86_64 | 1.1.0 | 14.00 | 81.00 | 95.00 | NOTE |
Version: 1.1.0
Check: package dependencies
Result: NOTE
Package suggested but not available for checking: ‘DMwR’
Flavors: r-devel-linux-x86_64-debian-clang, r-devel-linux-x86_64-debian-gcc, r-devel-linux-x86_64-fedora-clang, r-devel-linux-x86_64-fedora-gcc, r-devel-windows-x86_64, r-patched-linux-x86_64, r-release-linux-x86_64, r-release-macos-arm64, r-release-macos-x86_64, r-release-windows-x86_64, r-oldrel-macos-arm64, r-oldrel-macos-x86_64, r-oldrel-windows-x86_64
Version: 1.1.0
Check: Rd files
Result: NOTE
checkRd: (-1) classificationMetrics.Rd:85: Lost braces; missing escapes or markup?
85 | will use some extra notation, namely: TP = #{p == + & t == +} ; FP =
| ^
checkRd: (-1) classificationMetrics.Rd:86: Lost braces; missing escapes or markup?
86 | #{p == + & t == -} ; TN = #{p == - & t == -}; FN = #{p == - & t == +}
| ^
checkRd: (-1) classificationMetrics.Rd:86: Lost braces; missing escapes or markup?
86 | #{p == + & t == -} ; TN = #{p == - & t == -}; FN = #{p == - & t == +}
| ^
checkRd: (-1) classificationMetrics.Rd:86: Lost braces; missing escapes or markup?
86 | #{p == + & t == -} ; TN = #{p == - & t == -}; FN = #{p == - & t == +}
| ^
checkRd: (-1) classificationMetrics.Rd:87: Lost braces; missing escapes or markup?
87 | ; P = #{t == +} ; N = #{t == -}; Finally, for some descriptions
| ^
checkRd: (-1) classificationMetrics.Rd:87: Lost braces; missing escapes or markup?
87 | ; P = #{t == +} ; N = #{t == -}; Finally, for some descriptions
| ^
Flavors: r-devel-linux-x86_64-debian-clang, r-devel-linux-x86_64-debian-gcc
Version: 1.1.0
Check: LazyData
Result: NOTE
'LazyData' is specified without a 'data' directory
Flavors: r-devel-linux-x86_64-debian-clang, r-devel-linux-x86_64-debian-gcc, r-devel-linux-x86_64-fedora-clang, r-devel-linux-x86_64-fedora-gcc, r-devel-windows-x86_64, r-patched-linux-x86_64, r-release-linux-x86_64, r-release-macos-arm64, r-release-macos-x86_64, r-release-windows-x86_64, r-oldrel-macos-arm64, r-oldrel-macos-x86_64, r-oldrel-windows-x86_64