Last updated on 2023-12-01 18:51:10 CET.
Flavor | Version | Tinstall | Tcheck | Ttotal | Status | Flags |
---|---|---|---|---|---|---|
r-devel-linux-x86_64-debian-clang | 0.2.1 | 155.58 | 258.10 | 413.68 | NOTE | |
r-devel-linux-x86_64-debian-gcc | 0.2.1 | 127.06 | 262.14 | 389.20 | NOTE | |
r-devel-linux-x86_64-fedora-clang | 0.2.1 | 514.47 | NOTE | |||
r-devel-linux-x86_64-fedora-gcc | 0.2.1 | 651.27 | NOTE | |||
r-devel-windows-x86_64 | 0.2.1 | 114.00 | 263.00 | 377.00 | NOTE | |
r-patched-linux-x86_64 | 0.2.1 | 116.57 | 322.72 | 439.29 | NOTE | |
r-release-linux-x86_64 | 0.2.1 | 106.92 | 320.94 | 427.86 | NOTE | |
r-release-macos-arm64 | 0.2.1 | 111.00 | NOTE | |||
r-release-macos-x86_64 | 0.2.1 | 249.00 | NOTE | |||
r-release-windows-x86_64 | 0.2.1 | 157.00 | 321.00 | 478.00 | NOTE | |
r-oldrel-macos-arm64 | 0.2.1 | 110.00 | NOTE | |||
r-oldrel-macos-x86_64 | 0.2.1 | 171.00 | NOTE | |||
r-oldrel-windows-x86_64 | 0.2.1 | 138.00 | 306.00 | 444.00 | NOTE |
Version: 0.2.1
Check: for GNU extensions in Makefiles
Result: NOTE
GNU make is a SystemRequirements.
Flavors: r-devel-linux-x86_64-debian-clang, r-devel-linux-x86_64-debian-gcc, r-devel-linux-x86_64-fedora-clang, r-devel-linux-x86_64-fedora-gcc, r-devel-windows-x86_64, r-patched-linux-x86_64, r-release-linux-x86_64, r-release-macos-arm64, r-release-macos-x86_64, r-release-windows-x86_64, r-oldrel-macos-arm64, r-oldrel-macos-x86_64, r-oldrel-windows-x86_64
Version: 0.2.1
Check: installed package size
Result: NOTE
installed size is 34.0Mb
sub-directories of 1Mb or more:
libs 33.7Mb
Flavors: r-release-macos-arm64, r-release-macos-x86_64, r-oldrel-macos-arm64, r-oldrel-macos-x86_64