CRAN Package Check Results for Package pheno

Last updated on 2025-01-22 20:49:38 CET.

Flavor Version Tinstall Tcheck Ttotal Status Flags
r-devel-linux-x86_64-debian-clang 1.7-0 8.47 63.88 72.35 NOTE
r-devel-linux-x86_64-debian-gcc 1.7-0 6.82 47.21 54.03 NOTE
r-devel-linux-x86_64-fedora-clang 1.7-0 115.19 NOTE
r-devel-linux-x86_64-fedora-gcc 1.7-0 108.19 NOTE
r-devel-windows-x86_64 1.7-0 11.00 81.00 92.00 NOTE
r-patched-linux-x86_64 1.7-0 7.84 60.09 67.93 NOTE
r-release-linux-x86_64 1.7-0 7.76 60.55 68.31 NOTE
r-release-macos-arm64 1.7-0 35.00 NOTE
r-release-macos-x86_64 1.7-0 54.00 NOTE
r-release-windows-x86_64 1.7-0 12.00 88.00 100.00 NOTE
r-oldrel-macos-arm64 1.7-0 42.00 NOTE
r-oldrel-macos-x86_64 1.7-0 62.00 NOTE
r-oldrel-windows-x86_64 1.7-0 13.00 93.00 106.00 NOTE

Check Details

Version: 1.7-0
Check: Rd files
Result: NOTE checkRd: (-1) connectedSets.Rd:27: Escaped LaTeX specials: \_ \_ checkRd: (-1) connectedSets.Rd:29: Escaped LaTeX specials: \_ \_ checkRd: (-1) connectedSets.Rd:31: Escaped LaTeX specials: \_ \_ checkRd: (-1) maxConnectedSet.Rd:35: Escaped LaTeX specials: \_ \_ \_ \_ \_ \_ \_ \_ checkRd: (-1) maxConnectedSet.Rd:37: Escaped LaTeX specials: \_ \_ \_ \_ \_ \_ \_ \_ \_ \_ checkRd: (-1) maxConnectedSet.Rd:39: Escaped LaTeX specials: \_ \_ \_ \_ \_ \_ \_ \_ \_ \_ checkRd: (-1) maxConnectedSet.Rd:41: Escaped LaTeX specials: \_ \_ \_ \_ \_ \_ \_ \_ \_ \_ checkRd: (-1) maxConnectedSet.Rd:45: Escaped LaTeX specials: \_ \_ \_ \_ \_ \_ \_ \_ \_ \_ checkRd: (-1) maxConnectedSet.Rd:47: Escaped LaTeX specials: \_ \_ Flavors: r-devel-linux-x86_64-debian-clang, r-devel-linux-x86_64-debian-gcc, r-devel-linux-x86_64-fedora-clang, r-devel-linux-x86_64-fedora-gcc, r-devel-windows-x86_64, r-patched-linux-x86_64, r-release-linux-x86_64, r-release-macos-arm64, r-release-macos-x86_64, r-release-windows-x86_64, r-oldrel-macos-arm64, r-oldrel-macos-x86_64, r-oldrel-windows-x86_64