CRAN Package Check Results for Package phylosem

Last updated on 2024-02-23 18:55:08 CET.

Flavor Version Tinstall Tcheck Ttotal Status Flags
r-devel-linux-x86_64-debian-clang 1.1.3 OK
r-devel-linux-x86_64-debian-gcc 1.1.3 172.33 337.20 509.53 OK
r-devel-linux-x86_64-fedora-clang 1.1.3 784.54 NOTE
r-devel-linux-x86_64-fedora-gcc 1.1.3 919.26 OK
r-devel-windows-x86_64 1.1.3 158.00 413.00 571.00 OK
r-patched-linux-x86_64 1.1.3 164.26 428.00 592.26 OK
r-release-linux-x86_64 1.1.3 192.96 429.67 622.63 OK
r-release-macos-arm64 1.1.3 192.00 NOTE
r-release-macos-x86_64 1.1.3 317.00 NOTE
r-release-windows-x86_64 1.1.3 203.00 493.00 696.00 OK
r-oldrel-macos-arm64 1.1.3 202.00 NOTE
r-oldrel-windows-x86_64 1.1.3 188.00 466.00 654.00 OK

Check Details

Version: 1.1.3
Check: installed package size
Result: NOTE installed size is 5.1Mb sub-directories of 1Mb or more: libs 4.3Mb Flavors: r-devel-linux-x86_64-fedora-clang, r-release-macos-arm64, r-release-macos-x86_64, r-oldrel-macos-arm64

Version: 1.1.3
Check: whether the namespace can be loaded with stated dependencies
Result: NOTE Warning in checkDepPackageVersion(dep_pkg = "Matrix", this_pkg = "TMB") : Package version inconsistency detected. TMB was built with Matrix version 1.6.4 Current Matrix version is 1.6.5 Please re-install TMB from source or restore original ‘Matrix’ package (see '?reinstalling' for more information) A namespace must be able to be loaded with just the base namespace loaded: otherwise if the namespace gets loaded by a saved object, the session will be unable to start. Probably some imports need to be declared in the NAMESPACE file. Flavors: r-release-macos-arm64, r-release-macos-x86_64, r-oldrel-macos-arm64