CRAN Package Check Results for Package picante

Last updated on 2024-02-23 18:55:08 CET.

Flavor Version Tinstall Tcheck Ttotal Status Flags
r-devel-linux-x86_64-debian-clang 1.8.2 NOTE
r-devel-linux-x86_64-debian-gcc 1.8.2 11.72 85.51 97.23 NOTE
r-devel-linux-x86_64-fedora-clang 1.8.2 161.16 NOTE
r-devel-linux-x86_64-fedora-gcc 1.8.2 163.09 NOTE
r-devel-windows-x86_64 1.8.2 15.00 124.00 139.00 NOTE
r-patched-linux-x86_64 1.8.2 14.58 110.65 125.23 NOTE
r-release-linux-x86_64 1.8.2 11.33 111.54 122.87 NOTE
r-release-macos-arm64 1.8.2 58.00 NOTE
r-release-macos-x86_64 1.8.2 89.00 NOTE
r-release-windows-x86_64 1.8.2 18.00 138.00 156.00 NOTE
r-oldrel-macos-arm64 1.8.2 53.00 OK
r-oldrel-windows-x86_64 1.8.2 18.00 138.00 156.00 OK

Check Details

Version: 1.8.2
Check: Rd files
Result: NOTE checkRd: (-1) IvesGodfray.Rd:12: Lost braces in \itemize; meant \describe ? checkRd: (-1) IvesGodfray.Rd:13: Lost braces in \itemize; meant \describe ? checkRd: (-1) IvesGodfray.Rd:14: Lost braces in \itemize; meant \describe ? checkRd: (-1) Kcalc.Rd:13: Escaped LaTeX specials: \$ checkRd: (-1) phylocom.Rd:12: Lost braces in \itemize; meant \describe ? checkRd: (-1) phylocom.Rd:13: Lost braces in \itemize; meant \describe ? checkRd: (-1) phylocom.Rd:14: Lost braces in \itemize; meant \describe ? checkRd: (-1) phylosignal.Rd:13: Escaped LaTeX specials: \$ checkRd: (-1) sample2matrix.Rd:15: Lost braces in \itemize; meant \describe ? checkRd: (-1) sample2matrix.Rd:16: Lost braces in \itemize; meant \describe ? checkRd: (-1) sample2matrix.Rd:17: Lost braces in \itemize; meant \describe ? checkRd: (-1) traitgram.Rd:14: Escaped LaTeX specials: \$ checkRd: (-1) utility.Rd:37: Escaped LaTeX specials: \$ \$ Flavors: r-devel-linux-x86_64-debian-clang, r-devel-linux-x86_64-debian-gcc

Version: 1.8.2
Check: Rd files
Result: NOTE checkRd: (-1) Kcalc.Rd:13: Escaped LaTeX specials: \$ checkRd: (-1) phylosignal.Rd:13: Escaped LaTeX specials: \$ checkRd: (-1) traitgram.Rd:14: Escaped LaTeX specials: \$ checkRd: (-1) utility.Rd:37: Escaped LaTeX specials: \$ \$ Flavors: r-devel-linux-x86_64-fedora-clang, r-devel-linux-x86_64-fedora-gcc, r-devel-windows-x86_64, r-patched-linux-x86_64, r-release-linux-x86_64, r-release-macos-arm64, r-release-macos-x86_64, r-release-windows-x86_64