Last updated on 2023-12-10 18:52:20 CET.
Flavor | Version | Tinstall | Tcheck | Ttotal | Status | Flags |
---|---|---|---|---|---|---|
r-devel-linux-x86_64-debian-clang | 1.1.3 | 41.82 | 62.96 | 104.78 | OK | |
r-devel-linux-x86_64-debian-gcc | 1.1.3 | 31.79 | 45.85 | 77.64 | OK | |
r-devel-linux-x86_64-fedora-clang | 1.1.3 | 139.05 | NOTE | |||
r-devel-linux-x86_64-fedora-gcc | 1.1.3 | 151.30 | NOTE | |||
r-devel-windows-x86_64 | 1.1.3 | 36.00 | 87.00 | 123.00 | OK | |
r-patched-linux-x86_64 | 1.1.3 | 35.88 | 61.31 | 97.19 | OK | |
r-release-linux-x86_64 | 1.1.3 | 33.38 | 60.48 | 93.86 | OK | |
r-release-macos-arm64 | 1.1.3 | 51.00 | NOTE | |||
r-release-macos-x86_64 | 1.1.3 | 81.00 | NOTE | |||
r-release-windows-x86_64 | 1.1.3 | 41.00 | 96.00 | 137.00 | OK | |
r-oldrel-macos-arm64 | 1.1.3 | 45.00 | NOTE | |||
r-oldrel-macos-x86_64 | 1.1.3 | 85.00 | NOTE | |||
r-oldrel-windows-x86_64 | 1.1.3 | 41.00 | 92.00 | 133.00 | OK |
Version: 1.1.3
Check: dependencies in R code
Result: NOTE
Namespace in Imports field not imported from: ‘utils’
All declared Imports should be used.
Flavors: r-devel-linux-x86_64-fedora-clang, r-devel-linux-x86_64-fedora-gcc, r-oldrel-macos-arm64, r-oldrel-macos-x86_64
Version: 1.1.3
Check: installed package size
Result: NOTE
installed size is 12.4Mb
sub-directories of 1Mb or more:
libs 12.1Mb
Flavors: r-release-macos-arm64, r-release-macos-x86_64, r-oldrel-macos-arm64, r-oldrel-macos-x86_64