CRAN Package Check Results for Package pingers

Last updated on 2023-06-02 20:56:33 CEST.

Flavor Version Tinstall Tcheck Ttotal Status Flags
r-devel-linux-x86_64-debian-clang 0.1.1 7.84 66.37 74.21 NOTE
r-devel-linux-x86_64-debian-gcc 0.1.1 6.44 50.16 56.60 NOTE
r-devel-linux-x86_64-fedora-clang 0.1.1 92.72 NOTE
r-devel-linux-x86_64-fedora-gcc 0.1.1 87.11 NOTE
r-devel-windows-x86_64 0.1.1 8.00 65.00 73.00 NOTE
r-patched-linux-x86_64 0.1.1 NOTE
r-release-linux-x86_64 0.1.1 5.34 61.80 67.14 NOTE
r-release-macos-arm64 0.1.1 29.00 NOTE
r-release-macos-x86_64 0.1.1 41.00 NOTE
r-release-windows-x86_64 0.1.1 11.00 74.00 85.00 NOTE
r-oldrel-macos-arm64 0.1.1 29.00 NOTE
r-oldrel-macos-x86_64 0.1.1 49.00 NOTE
r-oldrel-windows-x86_64 0.1.1 11.00 81.00 92.00 NOTE

Check Details

Version: 0.1.1
Check: LazyData
Result: NOTE
     'LazyData' is specified without a 'data' directory
Flavors: r-devel-linux-x86_64-debian-clang, r-devel-linux-x86_64-debian-gcc, r-devel-linux-x86_64-fedora-clang, r-devel-linux-x86_64-fedora-gcc, r-devel-windows-x86_64, r-patched-linux-x86_64, r-release-linux-x86_64, r-release-macos-arm64, r-release-macos-x86_64, r-release-windows-x86_64, r-oldrel-macos-arm64, r-oldrel-macos-x86_64, r-oldrel-windows-x86_64