CRAN Package Check Results for Package pinnacle.data

Last updated on 2023-12-05 18:49:33 CET.

Flavor Version Tinstall Tcheck Ttotal Status Flags
r-devel-linux-x86_64-debian-clang 0.1.4 5.35 41.54 46.89 NOTE
r-devel-linux-x86_64-debian-gcc 0.1.4 4.13 30.77 34.90 NOTE
r-devel-linux-x86_64-fedora-clang 0.1.4 59.07 NOTE
r-devel-linux-x86_64-fedora-gcc 0.1.4 56.61 NOTE
r-devel-windows-x86_64 0.1.4 6.00 51.00 57.00 OK
r-patched-linux-x86_64 0.1.4 5.15 40.07 45.22 NOTE
r-release-linux-x86_64 0.1.4 5.49 40.05 45.54 NOTE
r-release-macos-arm64 0.1.4 23.00 OK
r-release-macos-x86_64 0.1.4 31.00 OK
r-release-windows-x86_64 0.1.4 7.00 54.00 61.00 NOTE
r-oldrel-macos-arm64 0.1.4 22.00 OK
r-oldrel-macos-x86_64 0.1.4 33.00 OK
r-oldrel-windows-x86_64 0.1.4 7.00 59.00 66.00 NOTE

Check Details

Version: 0.1.4
Check: package dependencies
Result: NOTE Package suggested but not available for checking: ‘pinnacle.API’ Flavors: r-devel-linux-x86_64-debian-clang, r-devel-linux-x86_64-debian-gcc, r-devel-linux-x86_64-fedora-clang, r-devel-linux-x86_64-fedora-gcc, r-patched-linux-x86_64, r-release-linux-x86_64, r-release-windows-x86_64, r-oldrel-windows-x86_64