CRAN Package Check Results for Package pinochet

Last updated on 2023-12-06 18:52:54 CET.

Flavor Version Tinstall Tcheck Ttotal Status Flags
r-devel-linux-x86_64-debian-clang 0.1.0 2.19 28.16 30.35 OK
r-devel-linux-x86_64-debian-gcc 0.1.0 1.70 21.85 23.55 OK
r-devel-linux-x86_64-fedora-clang 0.1.0 38.38 NOTE
r-devel-linux-x86_64-fedora-gcc 0.1.0 47.82 NOTE
r-devel-windows-x86_64 0.1.0 3.00 45.00 48.00 OK
r-patched-linux-x86_64 0.1.0 2.27 26.60 28.87 OK
r-release-linux-x86_64 0.1.0 2.25 26.77 29.02 OK
r-release-macos-arm64 0.1.0 24.00 OK
r-release-macos-x86_64 0.1.0 34.00 OK
r-release-windows-x86_64 0.1.0 3.00 47.00 50.00 OK
r-oldrel-macos-arm64 0.1.0 19.00 OK
r-oldrel-macos-x86_64 0.1.0 25.00 NOTE
r-oldrel-windows-x86_64 0.1.0 4.00 49.00 53.00 OK

Check Details

Version: 0.1.0
Check: data for non-ASCII characters
Result: NOTE Note: found 2048 marked UTF-8 strings Flavors: r-devel-linux-x86_64-fedora-clang, r-devel-linux-x86_64-fedora-gcc, r-oldrel-macos-x86_64