Last updated on 2023-12-05 18:49:33 CET.
Flavor | Version | Tinstall | Tcheck | Ttotal | Status | Flags |
---|---|---|---|---|---|---|
r-devel-linux-x86_64-debian-clang | 0.1.1 | 1.71 | 31.67 | 33.38 | NOTE | |
r-devel-linux-x86_64-debian-gcc | 0.1.1 | 1.71 | 24.41 | 26.12 | NOTE | |
r-devel-linux-x86_64-fedora-clang | 0.1.1 | 43.37 | NOTE | |||
r-devel-linux-x86_64-fedora-gcc | 0.1.1 | 51.78 | NOTE | |||
r-devel-windows-x86_64 | 0.1.1 | 4.00 | 49.00 | 53.00 | NOTE | |
r-patched-linux-x86_64 | 0.1.1 | 1.92 | 30.80 | 32.72 | NOTE | |
r-release-linux-x86_64 | 0.1.1 | 1.99 | 30.42 | 32.41 | NOTE | |
r-release-macos-arm64 | 0.1.1 | 24.00 | NOTE | |||
r-release-macos-x86_64 | 0.1.1 | 35.00 | NOTE | |||
r-release-windows-x86_64 | 0.1.1 | 3.00 | 49.00 | 52.00 | NOTE | |
r-oldrel-macos-arm64 | 0.1.1 | 20.00 | NOTE | |||
r-oldrel-macos-x86_64 | 0.1.1 | 26.00 | NOTE | |||
r-oldrel-windows-x86_64 | 0.1.1 | 4.00 | 51.00 | 55.00 | NOTE |
Version: 0.1.1
Check: LazyData
Result: NOTE
'LazyData' is specified without a 'data' directory
Flavors: r-devel-linux-x86_64-debian-clang, r-devel-linux-x86_64-debian-gcc, r-devel-linux-x86_64-fedora-clang, r-devel-linux-x86_64-fedora-gcc, r-devel-windows-x86_64, r-patched-linux-x86_64, r-release-linux-x86_64, r-release-macos-arm64, r-release-macos-x86_64, r-release-windows-x86_64, r-oldrel-macos-arm64, r-oldrel-macos-x86_64, r-oldrel-windows-x86_64