CRAN Package Check Results for Package pkgdepR

Last updated on 2024-07-13 19:54:09 CEST.

Flavor Version Tinstall Tcheck Ttotal Status Flags
r-devel-linux-x86_64-debian-clang 1.0.0 2.17 28.01 30.18 NOTE
r-devel-linux-x86_64-debian-gcc 1.0.0 2.38 21.15 23.53 NOTE
r-devel-linux-x86_64-fedora-clang 1.0.0 38.65 NOTE
r-devel-linux-x86_64-fedora-gcc 1.0.0 36.16 NOTE
r-devel-windows-x86_64 1.0.0 5.00 45.00 50.00 NOTE
r-patched-linux-x86_64 1.0.0 2.29 26.86 29.15 NOTE
r-release-linux-x86_64 1.0.0 3.01 26.33 29.34 NOTE
r-release-macos-arm64 1.0.0 16.00 NOTE
r-release-macos-x86_64 1.0.0 23.00 NOTE
r-release-windows-x86_64 1.0.0 4.00 43.00 47.00 NOTE
r-oldrel-macos-arm64 1.0.0 18.00 OK
r-oldrel-macos-x86_64 1.0.0 24.00 OK
r-oldrel-windows-x86_64 1.0.0 5.00 44.00 49.00 OK

Check Details

Version: 1.0.0
Check: Rd files
Result: NOTE checkRd: (-1) deps.Rd:23: Lost braces in \itemize; meant \describe ? checkRd: (-1) deps.Rd:24: Lost braces in \itemize; meant \describe ? checkRd: (-1) deps.Rd:25: Lost braces in \itemize; meant \describe ? checkRd: (-1) pkgdepR-package.Rd:16: Lost braces in \itemize; meant \describe ? checkRd: (-1) pkgdepR-package.Rd:17: Lost braces in \itemize; meant \describe ? checkRd: (-1) pkgdepR-package.Rd:18: Lost braces in \itemize; meant \describe ? Flavors: r-devel-linux-x86_64-debian-clang, r-devel-linux-x86_64-debian-gcc, r-devel-linux-x86_64-fedora-clang, r-devel-linux-x86_64-fedora-gcc, r-devel-windows-x86_64, r-patched-linux-x86_64, r-release-linux-x86_64, r-release-macos-arm64, r-release-macos-x86_64, r-release-windows-x86_64