CRAN Package Check Results for Package plotGMM

Last updated on 2023-12-04 18:52:25 CET.

Flavor Version Tinstall Tcheck Ttotal Status Flags
r-devel-linux-x86_64-debian-clang 0.2.2 2.04 44.15 46.19 NOTE
r-devel-linux-x86_64-debian-gcc 0.2.2 1.53 33.47 35.00 NOTE
r-devel-linux-x86_64-fedora-clang 0.2.2 59.85 NOTE
r-devel-linux-x86_64-fedora-gcc 0.2.2 55.73 NOTE
r-devel-windows-x86_64 0.2.2 3.00 59.00 62.00 NOTE
r-patched-linux-x86_64 0.2.2 2.26 41.97 44.23 NOTE
r-release-linux-x86_64 0.2.2 2.09 41.14 43.23 NOTE
r-release-macos-arm64 0.2.2 23.00 NOTE
r-release-macos-x86_64 0.2.2 30.00 NOTE
r-release-windows-x86_64 0.2.2 4.00 60.00 64.00 NOTE
r-oldrel-macos-arm64 0.2.2 22.00 NOTE
r-oldrel-macos-x86_64 0.2.2 41.00 NOTE
r-oldrel-windows-x86_64 0.2.2 4.00 65.00 69.00 NOTE

Check Details

Version: 0.2.2
Check: LazyData
Result: NOTE 'LazyData' is specified without a 'data' directory Flavors: r-devel-linux-x86_64-debian-clang, r-devel-linux-x86_64-debian-gcc, r-devel-linux-x86_64-fedora-clang, r-devel-linux-x86_64-fedora-gcc, r-devel-windows-x86_64, r-patched-linux-x86_64, r-release-linux-x86_64, r-release-macos-arm64, r-release-macos-x86_64, r-release-windows-x86_64, r-oldrel-macos-arm64, r-oldrel-macos-x86_64, r-oldrel-windows-x86_64