CRAN Package Check Results for Package plotSEMM

Last updated on 2024-02-21 18:51:13 CET.

Flavor Version Tinstall Tcheck Ttotal Status Flags
r-devel-linux-x86_64-debian-clang 2.4 NOTE
r-devel-linux-x86_64-debian-gcc 2.4 14.99 62.08 77.07 NOTE
r-devel-linux-x86_64-fedora-clang 2.4 131.67 NOTE
r-devel-linux-x86_64-fedora-gcc 2.4 124.43 NOTE
r-devel-windows-x86_64 2.4 20.00 93.00 113.00 NOTE
r-patched-linux-x86_64 2.4 20.04 81.05 101.09 NOTE
r-release-linux-x86_64 2.4 18.87 80.62 99.49 NOTE
r-release-macos-arm64 2.4 44.00 NOTE
r-release-macos-x86_64 2.4 63.00 NOTE
r-release-windows-x86_64 2.4 24.00 115.00 139.00 NOTE
r-oldrel-macos-arm64 2.4 39.00 NOTE
r-oldrel-windows-x86_64 2.4 23.00 115.00 138.00 NOTE

Check Details

Version: 2.4
Check: LazyData
Result: NOTE 'LazyData' is specified without a 'data' directory Flavors: r-devel-linux-x86_64-debian-clang, r-devel-linux-x86_64-debian-gcc, r-devel-linux-x86_64-fedora-clang, r-devel-linux-x86_64-fedora-gcc, r-devel-windows-x86_64, r-patched-linux-x86_64, r-release-linux-x86_64, r-release-macos-arm64, r-release-macos-x86_64, r-release-windows-x86_64, r-oldrel-macos-arm64, r-oldrel-windows-x86_64