CRAN Package Check Results for Package plspm

Last updated on 2023-12-10 18:52:20 CET.

Flavor Version Tinstall Tcheck Ttotal Status Flags
r-devel-linux-x86_64-debian-clang 0.5.0 8.60 72.39 80.99 OK
r-devel-linux-x86_64-debian-gcc 0.5.0 5.60 54.90 60.50 OK
r-devel-linux-x86_64-fedora-clang 0.5.0 101.41 OK
r-devel-linux-x86_64-fedora-gcc 0.5.0 106.46 OK
r-devel-windows-x86_64 0.5.0 8.00 95.00 103.00 OK
r-patched-linux-x86_64 0.5.0 14.13 70.47 84.60 OK
r-release-linux-x86_64 0.5.0 8.90 70.97 79.87 OK
r-release-macos-arm64 0.5.0 37.00 OK
r-release-macos-x86_64 0.5.0 55.00 NOTE
r-release-windows-x86_64 0.5.0 10.00 102.00 112.00 OK
r-oldrel-macos-arm64 0.5.0 33.00 OK
r-oldrel-macos-x86_64 0.5.0 44.00 OK
r-oldrel-windows-x86_64 0.5.0 11.00 101.00 112.00 OK

Check Details

Version: 0.5.0
Check: package dependencies
Result: NOTE Package suggested but not available for checking: ‘FactoMineR’ Flavor: r-release-macos-x86_64