CRAN Package Check Results for Package pointblank

Last updated on 2024-06-20 20:49:16 CEST.

Flavor Version Tinstall Tcheck Ttotal Status Flags
r-devel-linux-x86_64-debian-clang 0.12.1 27.87 286.11 313.98 OK
r-devel-linux-x86_64-debian-gcc 0.12.1 22.34 200.65 222.99 OK
r-devel-linux-x86_64-fedora-clang 0.12.1 381.54 NOTE
r-devel-linux-x86_64-fedora-gcc 0.12.1 349.92 NOTE
r-devel-windows-x86_64 0.12.1 24.00 227.00 251.00 OK
r-patched-linux-x86_64 0.12.1 26.69 265.15 291.84 OK
r-release-linux-x86_64 0.12.1 17.62 270.50 288.12 OK
r-release-macos-arm64 0.12.1 89.00 OK
r-release-macos-x86_64 0.12.1 139.00 OK
r-release-windows-x86_64 0.12.1 28.00 235.00 263.00 OK
r-oldrel-macos-arm64 0.12.1 84.00 OK
r-oldrel-macos-x86_64 0.12.1 238.00 OK
r-oldrel-windows-x86_64 0.12.1 33.00 289.00 322.00 OK

Check Details

Version: 0.12.1
Check: data for non-ASCII characters
Result: NOTE Note: found 1 marked UTF-8 string Flavors: r-devel-linux-x86_64-fedora-clang, r-devel-linux-x86_64-fedora-gcc