Last updated on 2023-09-25 21:05:51 CEST.
Flavor | Version | Tinstall | Tcheck | Ttotal | Status | Flags |
---|---|---|---|---|---|---|
r-devel-linux-x86_64-debian-clang | 0.11.4 | 28.99 | 216.36 | 245.35 | OK | |
r-devel-linux-x86_64-debian-gcc | 0.11.4 | 20.06 | 161.43 | 181.49 | OK | |
r-devel-linux-x86_64-fedora-clang | 0.11.4 | 290.65 | NOTE | |||
r-devel-linux-x86_64-fedora-gcc | 0.11.4 | 279.83 | NOTE | |||
r-devel-windows-x86_64 | 0.11.4 | 26.00 | 185.00 | 211.00 | OK | |
r-patched-linux-x86_64 | 0.11.4 | 24.63 | 205.03 | 229.66 | OK | |
r-release-linux-x86_64 | 0.11.4 | 16.90 | 208.27 | 225.17 | OK | |
r-release-macos-arm64 | 0.11.4 | 75.00 | OK | |||
r-release-macos-x86_64 | 0.11.4 | 149.00 | OK | |||
r-release-windows-x86_64 | 0.11.4 | 32.00 | 231.00 | 263.00 | OK | |
r-oldrel-macos-arm64 | 0.11.4 | 63.00 | OK | |||
r-oldrel-macos-x86_64 | 0.11.4 | 87.00 | OK | |||
r-oldrel-windows-x86_64 | 0.11.4 | 35.00 | 174.00 | 209.00 | OK |
Version: 0.11.4
Check: data for non-ASCII characters
Result: NOTE
Note: found 1 marked UTF-8 string
Flavors: r-devel-linux-x86_64-fedora-clang, r-devel-linux-x86_64-fedora-gcc