Last updated on 2023-12-10 18:52:20 CET.
Flavor | Version | Tinstall | Tcheck | Ttotal | Status | Flags |
---|---|---|---|---|---|---|
r-devel-linux-x86_64-debian-clang | 1.2.1.14 | 4.82 | 43.97 | 48.79 | OK | |
r-devel-linux-x86_64-debian-gcc | 1.2.1.14 | 3.57 | 32.91 | 36.48 | OK | |
r-devel-linux-x86_64-fedora-clang | 1.2.1.14 | 61.62 | NOTE | |||
r-devel-linux-x86_64-fedora-gcc | 1.2.1.14 | 57.08 | NOTE | |||
r-devel-windows-x86_64 | 1.2.1.14 | 6.00 | 54.00 | 60.00 | OK | |
r-patched-linux-x86_64 | 1.2.1.14 | 4.84 | 42.36 | 47.20 | OK | |
r-release-linux-x86_64 | 1.2.1.14 | 5.43 | 42.71 | 48.14 | OK | |
r-release-macos-arm64 | 1.2.1.14 | 24.00 | OK | |||
r-release-macos-x86_64 | 1.2.1.14 | 32.00 | OK | |||
r-release-windows-x86_64 | 1.2.1.14 | 9.00 | 58.00 | 67.00 | OK | |
r-oldrel-macos-arm64 | 1.2.1.14 | 25.00 | NOTE | |||
r-oldrel-macos-x86_64 | 1.2.1.14 | 46.00 | NOTE | |||
r-oldrel-windows-x86_64 | 1.2.1.14 | 8.00 | 61.00 | 69.00 | OK |
Version: 1.2.1.14
Check: dependencies in R code
Result: NOTE
Namespaces in Imports field not imported from:
‘MASS’ ‘car’ ‘formula.tools’ ‘ggplot2’ ‘gplots’ ‘graphics’ ‘purrr’
‘rstatix’ ‘stringr’ ‘tidyverse’
All declared Imports should be used.
Flavors: r-devel-linux-x86_64-fedora-clang, r-devel-linux-x86_64-fedora-gcc, r-oldrel-macos-arm64, r-oldrel-macos-x86_64
Version: 1.2.1.14
Check: data for non-ASCII characters
Result: NOTE
Note: found 2 marked UTF-8 strings
Flavors: r-devel-linux-x86_64-fedora-clang, r-devel-linux-x86_64-fedora-gcc, r-oldrel-macos-arm64, r-oldrel-macos-x86_64