Last updated on 2023-12-10 18:52:20 CET.
Flavor | Version | Tinstall | Tcheck | Ttotal | Status | Flags |
---|---|---|---|---|---|---|
r-devel-linux-x86_64-debian-clang | 0.8.1 | 9.25 | 95.69 | 104.94 | OK | |
r-devel-linux-x86_64-debian-gcc | 0.8.1 | 9.36 | 71.00 | 80.36 | OK | |
r-devel-linux-x86_64-fedora-clang | 0.8.1 | 132.90 | NOTE | |||
r-devel-linux-x86_64-fedora-gcc | 0.8.1 | 149.77 | OK | |||
r-devel-windows-x86_64 | 0.8.1 | 11.00 | 95.00 | 106.00 | OK | |
r-patched-linux-x86_64 | 0.8.1 | 8.12 | 92.81 | 100.93 | OK | |
r-release-linux-x86_64 | 0.8.1 | 7.14 | 92.06 | 99.20 | OK | |
r-release-macos-arm64 | 0.8.1 | 45.00 | OK | |||
r-release-macos-x86_64 | 0.8.1 | 64.00 | OK | |||
r-release-windows-x86_64 | 0.8.1 | 15.00 | 110.00 | 125.00 | OK | |
r-oldrel-macos-arm64 | 0.8.1 | 37.00 | OK | |||
r-oldrel-macos-x86_64 | 0.8.1 | 56.00 | OK | |||
r-oldrel-windows-x86_64 | 0.8.1 | 15.00 | 105.00 | 120.00 | OK |
Version: 0.8.1
Check: package dependencies
Result: NOTE
Imports includes 25 non-default packages.
Importing from so many packages makes the package vulnerable to any of
them becoming unavailable. Move as many as possible to Suggests and
use conditionally.
Flavor: r-devel-linux-x86_64-fedora-clang