CRAN Package Check Results for Package portvine

Last updated on 2024-06-12 20:59:09 CEST.

Flavor Version Tinstall Tcheck Ttotal Status Flags
r-devel-linux-x86_64-debian-clang 1.0.3 144.23 415.30 559.53 OK
r-devel-linux-x86_64-debian-gcc 1.0.3 0.35 1.89 2.24 ERROR
r-devel-linux-x86_64-fedora-clang 1.0.3 671.05 NOTE
r-devel-linux-x86_64-fedora-gcc 1.0.3 722.16 OK
r-devel-windows-x86_64 1.0.3 101.00 326.00 427.00 NOTE
r-patched-linux-x86_64 1.0.3 106.73 394.01 500.74 OK
r-release-linux-x86_64 1.0.3 103.51 405.18 508.69 OK
r-release-macos-arm64 1.0.3 179.00 NOTE
r-release-macos-x86_64 1.0.3 290.00 NOTE
r-release-windows-x86_64 1.0.3 103.00 339.00 442.00 NOTE
r-oldrel-macos-arm64 1.0.3 195.00 NOTE
r-oldrel-macos-x86_64 1.0.3 439.00 NOTE
r-oldrel-windows-x86_64 1.0.3 129.00 412.00 541.00 NOTE

Check Details

Version: 1.0.3
Check: package dependencies
Result: ERROR Packages required but not available: 'dplyr', 'dtplyr', 'rugarch', 'tidyr' Packages suggested but not available for checking: 'ggplot2', 'ggtext', 'patchwork', 'testthat' See section ‘The DESCRIPTION file’ in the ‘Writing R Extensions’ manual. Flavor: r-devel-linux-x86_64-debian-gcc

Version: 1.0.3
Check: installed package size
Result: NOTE installed size is 5.6Mb sub-directories of 1Mb or more: libs 4.4Mb Flavors: r-devel-linux-x86_64-fedora-clang, r-devel-windows-x86_64, r-release-macos-arm64, r-release-macos-x86_64, r-release-windows-x86_64, r-oldrel-macos-arm64, r-oldrel-macos-x86_64, r-oldrel-windows-x86_64