Last updated on 2023-12-04 00:52:51 CET.
Flavor | Version | Tinstall | Tcheck | Ttotal | Status | Flags |
---|---|---|---|---|---|---|
r-devel-linux-x86_64-debian-clang | 0.2.2 | 9.38 | 589.21 | 598.59 | OK | |
r-devel-linux-x86_64-debian-gcc | 0.2.2 | 7.52 | 431.71 | 439.23 | OK | |
r-devel-linux-x86_64-fedora-clang | 0.2.2 | 693.26 | NOTE | |||
r-devel-linux-x86_64-fedora-gcc | 0.2.2 | 712.42 | OK | |||
r-devel-windows-x86_64 | 0.2.2 | 8.00 | 489.00 | 497.00 | NOTE | |
r-patched-linux-x86_64 | 0.2.2 | 6.03 | 559.61 | 565.64 | OK | |
r-release-linux-x86_64 | 0.2.2 | 5.81 | 565.46 | 571.27 | OK | |
r-release-macos-arm64 | 0.2.2 | 226.00 | NOTE | |||
r-release-macos-x86_64 | 0.2.2 | 482.00 | NOTE | |||
r-release-windows-x86_64 | 0.2.2 | 11.00 | 612.00 | 623.00 | NOTE | |
r-oldrel-macos-arm64 | 0.2.2 | 219.00 | NOTE | |||
r-oldrel-macos-x86_64 | 0.2.2 | 252.00 | NOTE | |||
r-oldrel-windows-x86_64 | 0.2.2 | 12.00 | 604.00 | 616.00 | NOTE |
Version: 0.2.2
Check: installed package size
Result: NOTE
installed size is 11.0Mb
sub-directories of 1Mb or more:
doc 10.4Mb
Flavors: r-devel-linux-x86_64-fedora-clang, r-devel-windows-x86_64, r-release-macos-arm64, r-release-macos-x86_64, r-release-windows-x86_64, r-oldrel-macos-arm64, r-oldrel-macos-x86_64, r-oldrel-windows-x86_64