CRAN Package Check Results for Package pre

Last updated on 2024-07-13 19:54:10 CEST.

Flavor Version Tinstall Tcheck Ttotal Status Flags
r-devel-linux-x86_64-debian-clang 1.0.7 18.11 441.36 459.47 OK
r-devel-linux-x86_64-debian-gcc 1.0.7 12.47 309.23 321.70 OK
r-devel-linux-x86_64-fedora-clang 1.0.7 558.81 OK
r-devel-linux-x86_64-fedora-gcc 1.0.7 521.40 OK
r-devel-windows-x86_64 1.0.7 16.00 291.00 307.00 NOTE
r-patched-linux-x86_64 1.0.7 19.45 405.57 425.02 OK
r-release-linux-x86_64 1.0.7 15.57 407.60 423.17 OK
r-release-macos-arm64 1.0.7 133.00 OK
r-release-macos-x86_64 1.0.7 227.00 OK
r-release-windows-x86_64 1.0.7 14.00 304.00 318.00 OK
r-oldrel-macos-arm64 1.0.7 140.00 OK
r-oldrel-macos-x86_64 1.0.7 325.00 OK
r-oldrel-windows-x86_64 1.0.7 19.00 386.00 405.00 OK

Check Details

Version: 1.0.7
Check: Rd cross-references
Result: NOTE Found the following Rd file(s) with Rd \link{} targets missing package anchors: gpe.Rd: cv.glmnet gpe_cv.glmnet.Rd: cv.glmnet gpe_trees.Rd: ctree, glmtree, ctree_control, earth, cv.glmnet rTerm.Rd: cv.glmnet Please provide package anchors for all Rd \link{} targets not in the package itself and the base packages. Flavor: r-devel-windows-x86_64