Last updated on 2023-12-08 18:55:45 CET.
Flavor | Version | Tinstall | Tcheck | Ttotal | Status | Flags |
---|---|---|---|---|---|---|
r-devel-linux-x86_64-debian-clang | 3.0.3 | 30.71 | 205.82 | 236.53 | NOTE | |
r-devel-linux-x86_64-debian-gcc | 3.0.3 | 28.39 | 149.53 | 177.92 | NOTE | |
r-devel-linux-x86_64-fedora-clang | 3.0.3 | 291.77 | OK | |||
r-devel-linux-x86_64-fedora-gcc | 3.0.3 | 293.60 | OK | |||
r-devel-windows-x86_64 | 3.0.3 | 29.00 | 144.00 | 173.00 | OK | |
r-patched-linux-x86_64 | 3.0.3 | 29.89 | 197.91 | 227.80 | OK | |
r-release-linux-x86_64 | 3.0.3 | 24.90 | 188.14 | 213.04 | OK | |
r-release-macos-arm64 | 3.0.3 | 64.00 | OK | |||
r-release-macos-x86_64 | 3.0.3 | 172.00 | OK | |||
r-release-windows-x86_64 | 3.0.3 | 38.00 | 181.00 | 219.00 | OK | |
r-oldrel-macos-arm64 | 3.0.3 | 80.00 | OK | |||
r-oldrel-macos-x86_64 | 3.0.3 | 102.00 | OK | |||
r-oldrel-windows-x86_64 | 3.0.3 | 37.00 | 181.00 | 218.00 | OK |
Version: 3.0.3
Check: Rd files
Result: NOTE
checkRd: (-1) app_server.Rd:10: Lost braces; missing escapes or markup?
10 | \item{input, output, session}{Internal parameters for {shiny}.
| ^
Flavors: r-devel-linux-x86_64-debian-clang, r-devel-linux-x86_64-debian-gcc