CRAN Package Check Results for Package pressuRe

Last updated on 2024-04-15 20:55:48 CEST.

Flavor Version Tinstall Tcheck Ttotal Status Flags
r-devel-linux-x86_64-debian-clang 0.2.4 44.58 465.13 509.71 OK
r-devel-linux-x86_64-debian-gcc 0.2.4 36.04 328.61 364.65 OK
r-devel-linux-x86_64-fedora-clang 0.2.4 623.28 NOTE
r-devel-linux-x86_64-fedora-gcc 0.2.4 661.27 OK
r-prerel-macos-arm64 0.2.4 136.00 NOTE
r-prerel-macos-x86_64 0.2.4 366.00 NOTE
r-prerel-windows-x86_64 0.2.4 36.00 272.00 308.00 NOTE
r-patched-linux-x86_64 0.2.3 45.31 432.09 477.40 OK
r-release-linux-x86_64 0.2.4 32.05 455.86 487.91 OK
r-release-macos-arm64 0.2.4 150.00 NOTE
r-release-macos-x86_64 0.2.4 311.00 NOTE
r-release-windows-x86_64 0.2.4 49.00 378.00 427.00 NOTE
r-oldrel-macos-arm64 0.2.4 129.00 NOTE
r-oldrel-windows-x86_64 0.2.4 49.00 334.00 383.00 NOTE

Check Details

Version: 0.2.4
Check: installed package size
Result: NOTE installed size is 10.0Mb sub-directories of 1Mb or more: extdata 9.7Mb Flavors: r-devel-linux-x86_64-fedora-clang, r-prerel-macos-arm64, r-prerel-macos-x86_64, r-prerel-windows-x86_64, r-release-macos-arm64, r-release-macos-x86_64, r-release-windows-x86_64, r-oldrel-macos-arm64, r-oldrel-windows-x86_64