Last updated on 2023-11-29 18:48:57 CET.
Flavor | Version | Tinstall | Tcheck | Ttotal | Status | Flags |
---|---|---|---|---|---|---|
r-devel-linux-x86_64-debian-clang | 0.2.2 | 3.02 | 33.79 | 36.81 | NOTE | |
r-devel-linux-x86_64-debian-gcc | 0.2.2 | 2.52 | 25.72 | 28.24 | NOTE | |
r-devel-linux-x86_64-fedora-clang | 0.2.2 | 46.12 | NOTE | |||
r-devel-linux-x86_64-fedora-gcc | 0.2.2 | 55.22 | NOTE | |||
r-devel-windows-x86_64 | 0.2.2 | 3.00 | 50.00 | 53.00 | NOTE | |
r-patched-linux-x86_64 | 0.2.2 | 3.02 | 32.15 | 35.17 | NOTE | |
r-release-linux-x86_64 | 0.2.2 | 3.33 | 31.97 | 35.30 | NOTE | |
r-release-macos-arm64 | 0.2.2 | 24.00 | NOTE | |||
r-release-macos-x86_64 | 0.2.2 | 36.00 | NOTE | |||
r-release-windows-x86_64 | 0.2.2 | 3.00 | 50.00 | 53.00 | NOTE | |
r-oldrel-macos-arm64 | 0.2.2 | 21.00 | NOTE | |||
r-oldrel-macos-x86_64 | 0.2.2 | 27.00 | NOTE | |||
r-oldrel-windows-x86_64 | 0.2.2 | 5.00 | 52.00 | 57.00 | NOTE |
Version: 0.2.2
Check: LazyData
Result: NOTE
'LazyData' is specified without a 'data' directory
Flavors: r-devel-linux-x86_64-debian-clang, r-devel-linux-x86_64-debian-gcc, r-devel-linux-x86_64-fedora-clang, r-devel-linux-x86_64-fedora-gcc, r-devel-windows-x86_64, r-patched-linux-x86_64, r-release-linux-x86_64, r-release-macos-arm64, r-release-macos-x86_64, r-release-windows-x86_64, r-oldrel-macos-arm64, r-oldrel-macos-x86_64, r-oldrel-windows-x86_64