CRAN Package Check Results for Package prettydoc

Last updated on 2024-02-22 18:50:34 CET.

Flavor Version Tinstall Tcheck Ttotal Status Flags
r-devel-linux-x86_64-debian-clang 0.4.1 NOTE
r-devel-linux-x86_64-debian-gcc 0.4.1 2.41 34.21 36.62 NOTE
r-devel-linux-x86_64-fedora-clang 0.4.1 61.84 NOTE
r-devel-linux-x86_64-fedora-gcc 0.4.1 67.56 NOTE
r-devel-windows-x86_64 0.4.1 5.00 62.00 67.00 NOTE
r-patched-linux-x86_64 0.4.1 2.58 43.49 46.07 NOTE
r-release-linux-x86_64 0.4.1 3.67 42.78 46.45 NOTE
r-release-macos-arm64 0.4.1 36.00 NOTE
r-release-macos-x86_64 0.4.1 47.00 NOTE
r-release-windows-x86_64 0.4.1 6.00 63.00 69.00 NOTE
r-oldrel-macos-arm64 0.4.1 22.00 NOTE
r-oldrel-windows-x86_64 0.4.1 7.00 71.00 78.00 NOTE

Check Details

Version: 0.4.1
Check: LazyData
Result: NOTE 'LazyData' is specified without a 'data' directory Flavors: r-devel-linux-x86_64-debian-clang, r-devel-linux-x86_64-debian-gcc, r-devel-linux-x86_64-fedora-clang, r-devel-linux-x86_64-fedora-gcc, r-devel-windows-x86_64, r-patched-linux-x86_64, r-release-linux-x86_64, r-release-macos-arm64, r-release-macos-x86_64, r-release-windows-x86_64, r-oldrel-macos-arm64, r-oldrel-windows-x86_64