CRAN Package Check Results for Package processx

Last updated on 2023-12-08 18:55:45 CET.

Flavor Version Tinstall Tcheck Ttotal Status Flags
r-devel-linux-x86_64-debian-clang 3.8.2 12.64 81.50 94.14 WARN
r-devel-linux-x86_64-debian-gcc 3.8.2 9.41 63.96 73.37 WARN
r-devel-linux-x86_64-fedora-clang 3.8.2 116.04 WARN
r-devel-linux-x86_64-fedora-gcc 3.8.2 113.91 WARN
r-devel-windows-x86_64 3.8.2 42.00 100.00 142.00 WARN
r-patched-linux-x86_64 3.8.2 12.65 80.36 93.01 OK
r-release-linux-x86_64 3.8.2 11.16 80.39 91.55 OK
r-release-macos-arm64 3.8.2 55.00 OK
r-release-macos-x86_64 3.8.2 101.00 OK
r-release-windows-x86_64 3.8.2 47.00 116.00 163.00 OK
r-oldrel-macos-arm64 3.8.2 59.00 OK
r-oldrel-macos-x86_64 3.8.2 93.00 OK
r-oldrel-windows-x86_64 3.8.2 41.00 111.00 152.00 OK

Check Details

Version: 3.8.2
Check: whether package can be installed
Result: WARN Found the following significant warnings: create-time.c:147:61: warning: data argument not used by format string [-Wformat-extra-args] See ‘/home/hornik/tmp/R.check/r-devel-clang/Work/PKGS/processx.Rcheck/00install.out’ for details. * used C compiler: ‘Debian clang version 17.0.5 (1)’ Flavor: r-devel-linux-x86_64-debian-clang

Version: 3.8.2
Check: whether package can be installed
Result: WARN Found the following significant warnings: create-time.c:147:13: warning: too many arguments for format [-Wformat-extra-args] See ‘/home/hornik/tmp/R.check/r-devel-gcc/Work/PKGS/processx.Rcheck/00install.out’ for details. * used C compiler: ‘gcc-13 (Debian 13.2.0-7) 13.2.0’ Flavor: r-devel-linux-x86_64-debian-gcc

Version: 3.8.2
Check: whether package can be installed
Result: WARN Found the following significant warnings: create-time.c:147:61: warning: data argument not used by format string [-Wformat-extra-args] See ‘/data/gannet/ripley/R/packages/tests-clang/processx.Rcheck/00install.out’ for details. * used C compiler: ‘clang version 17.0.5’ Flavor: r-devel-linux-x86_64-fedora-clang

Version: 3.8.2
Check: whether package can be installed
Result: WARN Found the following significant warnings: create-time.c:147:13: warning: too many arguments for format [-Wformat-extra-args] See ‘/data/gannet/ripley/R/packages/tests-devel/processx.Rcheck/00install.out’ for details. * used C compiler: ‘gcc-13 (GCC) 13.2.0’ Flavor: r-devel-linux-x86_64-fedora-gcc

Version: 3.8.2
Check: whether package can be installed
Result: WARN Found the following significant warnings: errors.c:59:28: warning: format '%d' expects argument of type 'int', but argument 3 has type 'DWORD' {aka 'long unsigned int'} [-Wformat=] See 'd:/Rcompile/CRANpkg/local/4.4/processx.Rcheck/00install.out' for details. * used C compiler: 'gcc.exe (GCC) 12.3.0' Flavor: r-devel-windows-x86_64