CRAN Package Check Results for Package projections

Last updated on 2024-02-28 18:50:43 CET.

Flavor Version Tinstall Tcheck Ttotal Status Flags
r-devel-linux-x86_64-debian-clang 0.6.0 3.19 45.55 48.74 NOTE
r-devel-linux-x86_64-debian-gcc 0.6.0 2.44 34.32 36.76 NOTE
r-devel-linux-x86_64-fedora-clang 0.6.0 58.62 NOTE
r-devel-linux-x86_64-fedora-gcc 0.6.0 56.63 NOTE
r-devel-windows-x86_64 0.6.0 4.00 55.00 59.00 OK
r-patched-linux-x86_64 0.6.0 3.08 43.04 46.12 OK
r-release-linux-x86_64 0.6.0 2.18 44.68 46.86 OK
r-release-macos-arm64 0.6.0 23.00 OK
r-release-macos-x86_64 0.6.0 31.00 OK
r-release-windows-x86_64 0.6.0 4.00 60.00 64.00 OK
r-oldrel-macos-arm64 0.6.0 19.00 OK
r-oldrel-windows-x86_64 0.6.0 4.00 64.00 68.00 OK

Check Details

Version: 0.6.0
Check: Rd files
Result: NOTE checkRd: (-1) summary.projections.Rd:33-48: Lost braces 33 | if (require(incidence)) { | ^ Flavors: r-devel-linux-x86_64-debian-clang, r-devel-linux-x86_64-debian-gcc, r-devel-linux-x86_64-fedora-clang, r-devel-linux-x86_64-fedora-gcc