Last updated on 2023-12-11 18:53:39 CET.
Flavor | Version | Tinstall | Tcheck | Ttotal | Status | Flags |
---|---|---|---|---|---|---|
r-devel-linux-x86_64-debian-clang | 0.5.0 | 8.49 | 203.34 | 211.83 | OK | |
r-devel-linux-x86_64-debian-gcc | 0.5.0 | 7.49 | 149.76 | 157.25 | OK | |
r-devel-linux-x86_64-fedora-clang | 0.5.0 | 258.85 | NOTE | |||
r-devel-linux-x86_64-fedora-gcc | 0.5.0 | 269.85 | NOTE | |||
r-devel-windows-x86_64 | 0.5.0 | 10.00 | 171.00 | 181.00 | OK | |
r-patched-linux-x86_64 | 0.5.0 | 7.46 | 195.98 | 203.44 | OK | |
r-release-linux-x86_64 | 0.5.0 | 7.81 | 197.00 | 204.81 | OK | |
r-release-macos-arm64 | 0.5.0 | 105.00 | OK | |||
r-release-macos-x86_64 | 0.5.0 | 198.00 | OK | |||
r-release-windows-x86_64 | 0.5.0 | 12.00 | 220.00 | 232.00 | OK | |
r-oldrel-macos-arm64 | 0.5.0 | 85.00 | OK | |||
r-oldrel-macos-x86_64 | 0.4.1 | 103.00 | NOTE | |||
r-oldrel-windows-x86_64 | 0.5.0 | 11.00 | 207.00 | 218.00 | OK |
Version: 0.5.0
Check: dependencies in R code
Result: NOTE
Namespaces in Imports field not imported from:
‘lifecycle’ ‘patchwork’
All declared Imports should be used.
Flavors: r-devel-linux-x86_64-fedora-clang, r-devel-linux-x86_64-fedora-gcc
Version: 0.4.1
Check: dependencies in R code
Result: NOTE
Namespaces in Imports field not imported from:
‘lifecycle’ ‘patchwork’
All declared Imports should be used.
Flavor: r-oldrel-macos-x86_64