CRAN Package Check Results for Package psymetadata

Last updated on 2023-12-07 18:49:38 CET.

Flavor Version Tinstall Tcheck Ttotal Status Flags
r-devel-linux-x86_64-debian-clang 1.0.1 2.65 24.92 27.57 OK
r-devel-linux-x86_64-debian-gcc 1.0.1 1.81 19.27 21.08 OK
r-devel-linux-x86_64-fedora-clang 1.0.1 35.43 NOTE
r-devel-linux-x86_64-fedora-gcc 1.0.1 33.63 NOTE
r-devel-windows-x86_64 1.0.1 3.00 44.00 47.00 OK
r-patched-linux-x86_64 1.0.1 3.11 25.06 28.17 OK
r-release-linux-x86_64 1.0.1 2.46 24.00 26.46 OK
r-release-macos-arm64 1.0.1 17.00 OK
r-release-macos-x86_64 1.0.1 32.00 OK
r-release-windows-x86_64 1.0.1 4.00 45.00 49.00 OK
r-oldrel-macos-arm64 1.0.1 16.00 NOTE
r-oldrel-macos-x86_64 1.0.1 23.00 NOTE
r-oldrel-windows-x86_64 1.0.1 4.00 45.00 49.00 OK

Check Details

Version: 1.0.1
Check: dependencies in R code
Result: NOTE Namespace in Imports field not imported from: ‘Rdpack’ All declared Imports should be used. Flavors: r-devel-linux-x86_64-fedora-clang, r-devel-linux-x86_64-fedora-gcc, r-oldrel-macos-arm64, r-oldrel-macos-x86_64

Version: 1.0.1
Check: data for non-ASCII characters
Result: NOTE Note: found 107 marked UTF-8 strings Flavors: r-devel-linux-x86_64-fedora-clang, r-devel-linux-x86_64-fedora-gcc, r-oldrel-macos-arm64, r-oldrel-macos-x86_64