CRAN Package Check Results for Package ptw

Last updated on 2024-02-21 18:51:13 CET.

Flavor Version Tinstall Tcheck Ttotal Status Flags
r-devel-linux-x86_64-debian-clang 1.9-16 NOTE
r-devel-linux-x86_64-debian-gcc 1.9-16 4.52 42.83 47.35 NOTE
r-devel-linux-x86_64-fedora-clang 1.9-16 80.31 OK
r-devel-linux-x86_64-fedora-gcc 1.9-16 77.96 OK
r-devel-windows-x86_64 1.9-16 8.00 66.00 74.00 OK
r-patched-linux-x86_64 1.9-16 6.02 56.32 62.34 OK
r-release-linux-x86_64 1.9-16 5.18 55.42 60.60 OK
r-release-macos-arm64 1.9-16 30.00 OK
r-release-macos-x86_64 1.9-16 44.00 OK
r-release-windows-x86_64 1.9-16 10.00 74.00 84.00 OK
r-oldrel-macos-arm64 1.9-16 30.00 OK
r-oldrel-windows-x86_64 1.9-16 9.00 125.00 134.00 OK

Check Details

Version: 1.9-16
Check: Rd files
Result: NOTE checkRd: (-1) ptw-package.Rd:20-28: Lost braces 20 | @Article{Bloemberg2010, | ^ checkRd: (-1) ptw-package.Rd:30-38: Lost braces 30 | Article{Wehrens2015, | ^ Flavors: r-devel-linux-x86_64-debian-clang, r-devel-linux-x86_64-debian-gcc