CRAN Package Check Results for Package purrrlyr

Last updated on 2024-02-20 18:49:31 CET.

Flavor Version Tinstall Tcheck Ttotal Status Flags
r-devel-linux-x86_64-debian-clang 0.0.8 NOTE
r-devel-linux-x86_64-debian-gcc 0.0.8 40.09 38.99 79.08 NOTE
r-devel-linux-x86_64-fedora-clang 0.0.8 144.51 NOTE
r-devel-linux-x86_64-fedora-gcc 0.0.8 134.98 NOTE
r-devel-windows-x86_64 0.0.8 40.00 77.00 117.00 NOTE
r-patched-linux-x86_64 0.0.8 46.36 50.82 97.18 NOTE
r-release-linux-x86_64 0.0.8 42.84 50.50 93.34 NOTE
r-release-macos-arm64 0.0.8 40.00 NOTE
r-release-macos-x86_64 0.0.8 65.00 NOTE
r-release-windows-x86_64 0.0.8 50.00 89.00 139.00 NOTE
r-oldrel-macos-arm64 0.0.8 44.00 OK
r-oldrel-windows-x86_64 0.0.8 50.00 87.00 137.00 OK

Check Details

Version: 0.0.8
Check: C++ specification
Result: NOTE Specified C++11: please drop specification unless essential Flavors: r-devel-linux-x86_64-debian-clang, r-devel-linux-x86_64-debian-gcc, r-devel-linux-x86_64-fedora-clang, r-devel-linux-x86_64-fedora-gcc, r-devel-windows-x86_64, r-patched-linux-x86_64, r-release-linux-x86_64, r-release-macos-arm64, r-release-macos-x86_64, r-release-windows-x86_64