Last updated on 2023-12-04 18:52:26 CET.
Flavor | Version | Tinstall | Tcheck | Ttotal | Status | Flags |
---|---|---|---|---|---|---|
r-devel-linux-x86_64-debian-clang | 1.8.4 | 4.43 | 65.94 | 70.37 | NOTE | |
r-devel-linux-x86_64-debian-gcc | 1.8.4 | 4.50 | 49.42 | 53.92 | NOTE | |
r-devel-linux-x86_64-fedora-clang | 1.8.4 | 89.56 | OK | |||
r-devel-linux-x86_64-fedora-gcc | 1.8.4 | 83.39 | OK | |||
r-devel-windows-x86_64 | 1.8.4 | 6.00 | 80.00 | 86.00 | OK | |
r-patched-linux-x86_64 | 1.8.4 | 6.36 | 63.49 | 69.85 | OK | |
r-release-linux-x86_64 | 1.8.4 | 5.43 | 61.72 | 67.15 | OK | |
r-release-macos-arm64 | 1.8.4 | 30.00 | OK | |||
r-release-macos-x86_64 | 1.8.4 | 46.00 | OK | |||
r-release-windows-x86_64 | 1.8.4 | 8.00 | 88.00 | 96.00 | OK | |
r-oldrel-macos-arm64 | 1.8.4 | 34.00 | OK | |||
r-oldrel-macos-x86_64 | 1.8.4 | 38.00 | OK | |||
r-oldrel-windows-x86_64 | 1.8.4 | 8.00 | 91.00 | 99.00 | OK |
Version: 1.8.4
Check: Rd files
Result: NOTE
checkRd: (-1) qmethod-package.Rd:109: Lost braces
109 | \item Van Exel, J., and G. de Graaf, 2005. \emph{Q Methodology: A Sneak Preview}\cr \url{https://qmethodblog.files.wordpress.com/2016/01/qmethodologyasneakpreviewreferenceupdate.pdf}{Available at this link}.
| ^
checkRd: (-1) qmethod-package.Rd:110: Lost braces
110 | \item Brown, S. R., 1980. \emph{Political subjectivity: Applications of Q methodology in political science}, New Haven, CT: Yale University Press.\cr \url{https://qmethodblog.files.wordpress.com/2016/01/brown-1980-politicalsubjectivity.pdf}{Available at this link}.
| ^
Flavors: r-devel-linux-x86_64-debian-clang, r-devel-linux-x86_64-debian-gcc