CRAN Package Check Results for Package qrencoder

Last updated on 2023-11-29 18:48:57 CET.

Flavor Version Tinstall Tcheck Ttotal Status Flags
r-devel-linux-x86_64-debian-clang 0.1.0 49.56 278.66 328.22 NOTE
r-devel-linux-x86_64-debian-gcc 0.1.0 38.34 208.92 247.26 NOTE
r-devel-linux-x86_64-fedora-clang 0.1.0 418.96 NOTE
r-devel-linux-x86_64-fedora-gcc 0.1.0 399.94 NOTE
r-devel-windows-x86_64 0.1.0 43.00 190.00 233.00 NOTE
r-patched-linux-x86_64 0.1.0 44.75 266.43 311.18 NOTE
r-release-linux-x86_64 0.1.0 41.73 269.53 311.26 NOTE
r-release-macos-arm64 0.1.0 95.00 NOTE
r-release-macos-x86_64 0.1.0 182.00 NOTE
r-release-windows-x86_64 0.1.0 57.00 265.00 322.00 NOTE
r-oldrel-macos-arm64 0.1.0 76.00 NOTE
r-oldrel-macos-x86_64 0.1.0 110.00 NOTE
r-oldrel-windows-x86_64 0.1.0 54.00 252.00 306.00 NOTE

Check Details

Version: 0.1.0
Check: LazyData
Result: NOTE 'LazyData' is specified without a 'data' directory Flavors: r-devel-linux-x86_64-debian-clang, r-devel-linux-x86_64-debian-gcc, r-devel-linux-x86_64-fedora-clang, r-devel-linux-x86_64-fedora-gcc, r-devel-windows-x86_64, r-patched-linux-x86_64, r-release-linux-x86_64, r-release-macos-arm64, r-release-macos-x86_64, r-release-windows-x86_64, r-oldrel-macos-arm64, r-oldrel-macos-x86_64, r-oldrel-windows-x86_64

Version: 0.1.0
Check: compiled code
Result: NOTE File ‘qrencoder/libs/qrencoder.so’: Found no calls to: ‘R_registerRoutines’, ‘R_useDynamicSymbols’ It is good practice to register native routines and to disable symbol search. See ‘Writing portable packages’ in the ‘Writing R Extensions’ manual. Flavors: r-devel-linux-x86_64-fedora-clang, r-devel-linux-x86_64-fedora-gcc