Last updated on 2023-12-06 18:52:55 CET.
Flavor | Version | Tinstall | Tcheck | Ttotal | Status | Flags |
---|---|---|---|---|---|---|
r-devel-linux-x86_64-debian-clang | 1.0-0 | 16.00 | 123.47 | 139.47 | NOTE | |
r-devel-linux-x86_64-debian-gcc | 1.0-0 | 11.84 | 93.00 | 104.84 | NOTE | |
r-devel-linux-x86_64-fedora-clang | 1.0-0 | 174.72 | NOTE | |||
r-devel-linux-x86_64-fedora-gcc | 1.0-0 | 163.26 | OK | |||
r-devel-windows-x86_64 | 1.0-0 | 15.00 | 109.00 | 124.00 | OK | |
r-patched-linux-x86_64 | 1.0-0 | 19.18 | 119.18 | 138.36 | OK | |
r-release-linux-x86_64 | 1.0-0 | 9.97 | 115.90 | 125.87 | OK | |
r-release-macos-arm64 | 1.0-0 | 59.00 | OK | |||
r-release-macos-x86_64 | 1.0-0 | 105.00 | OK | |||
r-release-windows-x86_64 | 1.0-0 | 19.00 | 137.00 | 156.00 | OK | |
r-oldrel-macos-arm64 | 1.0-0 | 96.00 | OK | |||
r-oldrel-macos-x86_64 | 1.0-0 | 73.00 | OK | |||
r-oldrel-windows-x86_64 | 1.0-0 | 19.00 | 134.00 | 153.00 | OK |
Version: 1.0-0
Check: Rd files
Result: NOTE
checkRd: (-1) setqreportOption.Rd:12: Lost braces in \itemize; meant \describe ?
checkRd: (-1) setqreportOption.Rd:13: Lost braces in \itemize; meant \describe ?
checkRd: (-1) setqreportOption.Rd:14: Lost braces in \itemize; meant \describe ?
checkRd: (-1) setqreportOption.Rd:15: Lost braces in \itemize; meant \describe ?
checkRd: (-1) setqreportOption.Rd:16: Lost braces in \itemize; meant \describe ?
checkRd: (-1) setqreportOption.Rd:17: Lost braces in \itemize; meant \describe ?
checkRd: (-1) setqreportOption.Rd:18: Lost braces in \itemize; meant \describe ?
checkRd: (-1) setqreportOption.Rd:19: Lost braces in \itemize; meant \describe ?
checkRd: (-1) setqreportOption.Rd:20: Lost braces in \itemize; meant \describe ?
checkRd: (-1) setqreportOption.Rd:21: Lost braces in \itemize; meant \describe ?
Flavors: r-devel-linux-x86_64-debian-clang, r-devel-linux-x86_64-debian-gcc
Version: 1.0-0
Check: Rd cross-references
Result: NOTE
Undeclared package ‘mice’ in Rd xrefs
Flavor: r-devel-linux-x86_64-fedora-clang