CRAN Package Check Results for Package qreport

Last updated on 2024-06-13 20:49:23 CEST.

Flavor Version Tinstall Tcheck Ttotal Status Flags
r-devel-linux-x86_64-debian-clang 1.0-1 13.61 121.98 135.59 OK
r-devel-linux-x86_64-debian-gcc 1.0-1 0.32 1.71 2.03 ERROR
r-devel-linux-x86_64-fedora-clang 1.0-1 174.01 NOTE
r-devel-linux-x86_64-fedora-gcc 1.0-1 161.81 OK
r-devel-windows-x86_64 1.0-1 14.00 109.00 123.00 OK
r-patched-linux-x86_64 1.0-1 20.77 115.55 136.32 OK
r-release-linux-x86_64 1.0-1 9.46 113.35 122.81 OK
r-release-macos-arm64 1.0-1 56.00 OK
r-release-macos-x86_64 1.0-1 72.00 OK
r-release-windows-x86_64 1.0-1 14.00 110.00 124.00 OK
r-oldrel-macos-arm64 1.0-1 62.00 OK
r-oldrel-macos-x86_64 1.0-1 136.00 OK
r-oldrel-windows-x86_64 1.0-1 18.00 131.00 149.00 OK

Check Details

Version: 1.0-1
Check: package dependencies
Result: ERROR Packages required but not available: 'Hmisc', 'ggplot2', 'rms', 'viridis' See section ‘The DESCRIPTION file’ in the ‘Writing R Extensions’ manual. Flavor: r-devel-linux-x86_64-debian-gcc

Version: 1.0-1
Check: Rd cross-references
Result: NOTE Undeclared package ‘mice’ in Rd xrefs Flavor: r-devel-linux-x86_64-fedora-clang