CRAN Package Check Results for Package quantkriging

Last updated on 2023-05-27 20:53:31 CEST.

Flavor Version Tinstall Tcheck Ttotal Status Flags
r-devel-linux-x86_64-debian-clang 0.1.0 2.77 58.75 61.52 NOTE
r-devel-linux-x86_64-debian-gcc 0.1.0 2.70 44.60 47.30 NOTE
r-devel-linux-x86_64-fedora-clang 0.1.0 76.66 NOTE
r-devel-linux-x86_64-fedora-gcc 0.1.0 74.77 NOTE
r-devel-windows-x86_64 0.1.0 5.00 63.00 68.00 NOTE
r-patched-linux-x86_64 0.1.0 3.16 56.62 59.78 NOTE
r-release-linux-x86_64 0.1.0 3.03 57.40 60.43 NOTE
r-release-macos-arm64 0.1.0 26.00 NOTE
r-release-macos-x86_64 0.1.0 43.00 NOTE
r-release-windows-x86_64 0.1.0 5.00 76.00 81.00 NOTE
r-oldrel-macos-arm64 0.1.0 28.00 NOTE
r-oldrel-macos-x86_64 0.1.0 51.00 NOTE
r-oldrel-windows-x86_64 0.1.0 5.00 74.00 79.00 NOTE

Check Details

Version: 0.1.0
Check: LazyData
Result: NOTE
     'LazyData' is specified without a 'data' directory
Flavors: r-devel-linux-x86_64-debian-clang, r-devel-linux-x86_64-debian-gcc, r-devel-linux-x86_64-fedora-clang, r-devel-linux-x86_64-fedora-gcc, r-devel-windows-x86_64, r-patched-linux-x86_64, r-release-linux-x86_64, r-release-macos-arm64, r-release-macos-x86_64, r-release-windows-x86_64, r-oldrel-macos-arm64, r-oldrel-macos-x86_64, r-oldrel-windows-x86_64