CRAN Package Check Results for Package quantkriging

Last updated on 2024-04-16 20:50:45 CEST.

Flavor Version Tinstall Tcheck Ttotal Status Flags
r-devel-linux-x86_64-debian-clang 0.1.0 3.06 58.94 62.00 NOTE
r-devel-linux-x86_64-debian-gcc 0.1.0 2.55 42.65 45.20 NOTE
r-devel-linux-x86_64-fedora-clang 0.1.0 75.63 NOTE
r-devel-linux-x86_64-fedora-gcc 0.1.0 71.90 NOTE
r-prerel-macos-arm64 0.1.0 24.00 NOTE
r-prerel-windows-x86_64 0.1.0 4.00 59.00 63.00 NOTE
r-patched-linux-x86_64 0.1.0 2.75 57.43 60.18 NOTE
r-release-linux-x86_64 0.1.0 2.46 57.25 59.71 NOTE
r-release-macos-arm64 0.1.0 26.00 NOTE
r-release-macos-x86_64 0.1.0 43.00 NOTE
r-release-windows-x86_64 0.1.0 5.00 69.00 74.00 NOTE
r-oldrel-macos-arm64 0.1.0 28.00 NOTE
r-oldrel-windows-x86_64 0.1.0 6.00 72.00 78.00 NOTE

Check Details

Version: 0.1.0
Check: LazyData
Result: NOTE 'LazyData' is specified without a 'data' directory Flavors: r-devel-linux-x86_64-debian-clang, r-devel-linux-x86_64-debian-gcc, r-devel-linux-x86_64-fedora-clang, r-devel-linux-x86_64-fedora-gcc, r-prerel-macos-arm64, r-prerel-windows-x86_64, r-patched-linux-x86_64, r-release-linux-x86_64, r-release-macos-arm64, r-release-macos-x86_64, r-release-windows-x86_64, r-oldrel-macos-arm64, r-oldrel-windows-x86_64