Last updated on 2023-11-29 18:48:57 CET.
Flavor | Version | Tinstall | Tcheck | Ttotal | Status | Flags |
---|---|---|---|---|---|---|
r-devel-linux-x86_64-debian-clang | 0.7.8 | 9.06 | 89.36 | 98.42 | OK | |
r-devel-linux-x86_64-debian-gcc | 0.7.8 | 7.32 | 66.10 | 73.42 | OK | |
r-devel-linux-x86_64-fedora-clang | 0.7.8 | 124.87 | NOTE | |||
r-devel-linux-x86_64-fedora-gcc | 0.7.8 | 128.27 | NOTE | |||
r-devel-windows-x86_64 | 0.7.8 | 9.00 | 93.00 | 102.00 | OK | |
r-patched-linux-x86_64 | 0.7.8 | 11.13 | 83.76 | 94.89 | OK | |
r-release-linux-x86_64 | 0.7.8 | 6.89 | 83.57 | 90.46 | OK | |
r-release-macos-arm64 | 0.7.8 | 50.00 | OK | |||
r-release-macos-x86_64 | 0.7.8 | 67.00 | NOTE | |||
r-release-windows-x86_64 | 0.7.8 | 12.00 | 112.00 | 124.00 | OK | |
r-oldrel-macos-arm64 | 0.7.8 | 39.00 | OK | |||
r-oldrel-macos-x86_64 | 0.7.8 | 57.00 | OK | |||
r-oldrel-windows-x86_64 | 0.7.8 | 14.00 | 118.00 | 132.00 | OK |
Version: 0.7.8
Check: data for non-ASCII characters
Result: NOTE
Note: found 8504 marked UTF-8 strings
Flavors: r-devel-linux-x86_64-fedora-clang, r-devel-linux-x86_64-fedora-gcc
Version: 0.7.8
Check: package dependencies
Result: NOTE
Package suggested but not available for checking: ‘survey’
Flavor: r-release-macos-x86_64
Version: 0.7.8
Check: Rd cross-references
Result: NOTE
Package unavailable to check Rd xrefs: ‘survey’
Flavor: r-release-macos-x86_64