CRAN Package Check Results for Package quickPlot

Last updated on 2024-06-12 20:59:10 CEST.

Flavor Version Tinstall Tcheck Ttotal Status Flags
r-devel-linux-x86_64-debian-clang 1.0.2 10.53 149.27 159.80 NOTE
r-devel-linux-x86_64-debian-gcc 1.0.2 9.24 59.98 69.22 ERROR
r-devel-linux-x86_64-fedora-clang 1.0.2 203.63 NOTE
r-devel-linux-x86_64-fedora-gcc 1.0.2 201.23 NOTE
r-devel-windows-x86_64 1.0.2 12.00 123.00 135.00 NOTE
r-patched-linux-x86_64 1.0.2 10.38 142.64 153.02 NOTE
r-release-linux-x86_64 1.0.2 14.11 144.60 158.71 NOTE
r-release-macos-arm64 1.0.2 58.00 NOTE
r-release-macos-x86_64 1.0.2 109.00 NOTE
r-release-windows-x86_64 1.0.2 12.00 124.00 136.00 NOTE
r-oldrel-macos-arm64 1.0.2 61.00 NOTE
r-oldrel-macos-x86_64 1.0.2 155.00 NOTE
r-oldrel-windows-x86_64 1.0.2 14.00 152.00 166.00 NOTE

Check Details

Version: 1.0.2
Check: package dependencies
Result: NOTE Package suggested but not available for checking: ‘fastshp’ Flavors: r-devel-linux-x86_64-debian-clang, r-devel-linux-x86_64-fedora-clang, r-devel-linux-x86_64-fedora-gcc, r-devel-windows-x86_64, r-patched-linux-x86_64, r-release-linux-x86_64, r-release-macos-arm64, r-release-macos-x86_64, r-release-windows-x86_64, r-oldrel-macos-arm64, r-oldrel-macos-x86_64, r-oldrel-windows-x86_64

Version: 1.0.2
Check: package dependencies
Result: NOTE Packages suggested but not available for checking: 'fastshp', 'ggplot2', 'testthat' Flavor: r-devel-linux-x86_64-debian-gcc

Version: 1.0.2
Check: examples
Result: ERROR Running examples in ‘quickPlot-Ex.R’ failed The error most likely occurred in: > base::assign(".ptime", proc.time(), pos = "CheckExEnv") > ### Name: whereInStack > ### Title: Find the environment in the call stack that contains an object > ### by name > ### Aliases: whereInStack > > ### ** Examples > > b <- 1 > inner <- function(y) { + objEnv <- whereInStack("b") + get("b", envir = objEnv) + } > findB <- function(x) { + b <- 2 + inner() + } > findB() # Finds 2 because it is looking up the call stack, i.e., the user's perspective [1] 2 > > # defined outside of findB2, so its enclosing environment is the same as findB2 > innerGet <- function(y) { + get("b") + } > findB2 <- function(x) { + b <- 2 + innerGet() + } > findB2() # Finds 1 because b has a value of 1 in the enclosing environment of innerGet [1] 1 > b <- 3 > findB2() # Finds 3 because b has a value of 3 in the enclosing environment of innerGet, [1] 3 > # i.e., the environment in which innerGet was defined > findB() # Still finds 2 because the call stack hasn't changed [1] 2 > > # compare base::dynGet > findB3 <- function(x) { + b <- 2 + dynGet("b") + } > findB3() # same as findB(), but marginally faster, because it omits the stripping on [1] 2 > # sub elements that may be part of the name argument > > > b <- list() > findB3 <- function(x) { + b$a <- 2 + dynGet("b$a") + } > testthat::expect_error(findB3()) # fails because not an object name Error in loadNamespace(x) : there is no package called ‘testthat’ Calls: loadNamespace -> withRestarts -> withOneRestart -> doWithOneRestart Execution halted Examples with CPU (user + system) or elapsed time > 5s user system elapsed coordinates 5.945 0.091 7.524 Flavor: r-devel-linux-x86_64-debian-gcc

Version: 1.0.2
Check: tests
Result: ERROR Running ‘test-all.R’ [0s/0s] Running the tests in ‘tests/test-all.R’ failed. Complete output: > library(testthat) Error in library(testthat) : there is no package called 'testthat' Execution halted Flavor: r-devel-linux-x86_64-debian-gcc

Version: 1.0.2
Check: re-building of vignette outputs
Result: NOTE Note: skipping ‘iii-plotting.Rmd’ due to unavailable dependencies: 'ggplot2' Flavor: r-devel-linux-x86_64-debian-gcc