CRAN Package Check Results for Package rSPDE

Last updated on 2024-07-24 20:52:33 CEST.

Flavor Version Tinstall Tcheck Ttotal Status Flags
r-devel-linux-x86_64-debian-clang 2.3.3 28.94 191.59 220.53 NOTE
r-devel-linux-x86_64-debian-gcc 2.3.3 21.81 137.39 159.20 NOTE
r-devel-linux-x86_64-fedora-clang 2.3.3 286.07 OK
r-devel-linux-x86_64-fedora-gcc 2.3.3 263.25 OK
r-devel-windows-x86_64 2.3.3 22.00 149.00 171.00 OK
r-patched-linux-x86_64 2.3.3 23.90 183.08 206.98 NOTE
r-release-linux-x86_64 2.3.3 16.27 177.07 193.34 NOTE
r-release-macos-arm64 2.3.3 69.00 NOTE
r-release-macos-x86_64 2.3.3 104.00 NOTE
r-release-windows-x86_64 2.3.3 22.00 151.00 173.00 OK
r-oldrel-macos-arm64 2.3.3 72.00 NOTE
r-oldrel-macos-x86_64 2.3.3 149.00 NOTE
r-oldrel-windows-x86_64 2.3.3 28.00 188.00 216.00 NOTE

Check Details

Version: 2.3.3
Check: package dependencies
Result: NOTE Package suggested but not available for checking: ‘INLA’ Flavors: r-devel-linux-x86_64-debian-clang, r-devel-linux-x86_64-debian-gcc, r-patched-linux-x86_64, r-release-linux-x86_64, r-release-macos-arm64, r-release-macos-x86_64, r-oldrel-macos-arm64, r-oldrel-macos-x86_64, r-oldrel-windows-x86_64