Last updated on 2023-12-10 18:52:23 CET.
Flavor | Version | Tinstall | Tcheck | Ttotal | Status | Flags |
---|---|---|---|---|---|---|
r-devel-linux-x86_64-debian-clang | 4.23.1-2 | 144.73 | 215.90 | 360.63 | NOTE | |
r-devel-linux-x86_64-debian-gcc | 4.23.1-2 | 117.03 | 145.18 | 262.21 | NOTE | |
r-devel-linux-x86_64-fedora-clang | 4.23.1-2 | 500.00 | NOTE | |||
r-devel-linux-x86_64-fedora-gcc | 4.23.1-2 | 509.88 | NOTE | |||
r-devel-windows-x86_64 | 4.23.1-2 | 122.00 | 202.00 | 324.00 | NOTE | |
r-patched-linux-x86_64 | 4.23.1-2 | 136.26 | 194.93 | 331.19 | NOTE | |
r-release-linux-x86_64 | 4.23.1-2 | 142.13 | 193.07 | 335.20 | NOTE | |
r-release-macos-arm64 | 4.23.1-2 | 122.00 | NOTE | |||
r-release-macos-x86_64 | 4.23.1-2 | 237.00 | NOTE | |||
r-release-windows-x86_64 | 4.23.1-2 | 131.00 | 269.00 | 400.00 | NOTE | |
r-oldrel-macos-arm64 | 4.23.1-2 | 99.00 | NOTE | |||
r-oldrel-macos-x86_64 | 4.23.1-2 | 137.00 | NOTE | |||
r-oldrel-windows-x86_64 | 4.23.1-2 | 158.00 | 242.00 | 400.00 | NOTE |
Version: 4.23.1-2
Check: C++ specification
Result: NOTE
Specified C++11: please drop specification unless essential
Flavors: r-devel-linux-x86_64-debian-clang, r-devel-linux-x86_64-debian-gcc, r-devel-linux-x86_64-fedora-clang, r-devel-linux-x86_64-fedora-gcc, r-devel-windows-x86_64, r-patched-linux-x86_64, r-release-linux-x86_64, r-release-macos-arm64, r-release-macos-x86_64, r-release-windows-x86_64
Version: 4.23.1-2
Check: for GNU extensions in Makefiles
Result: NOTE
GNU make is a SystemRequirements.
Flavors: r-devel-linux-x86_64-debian-clang, r-devel-linux-x86_64-debian-gcc, r-devel-linux-x86_64-fedora-clang, r-devel-linux-x86_64-fedora-gcc, r-devel-windows-x86_64, r-patched-linux-x86_64, r-release-linux-x86_64, r-release-macos-arm64, r-release-macos-x86_64, r-release-windows-x86_64, r-oldrel-macos-arm64, r-oldrel-macos-x86_64, r-oldrel-windows-x86_64
Version: 4.23.1-2
Check: installed package size
Result: NOTE
installed size is 11.6Mb
sub-directories of 1Mb or more:
doc 7.9Mb
libs 2.9Mb
Flavors: r-devel-linux-x86_64-fedora-clang, r-devel-windows-x86_64, r-release-macos-arm64, r-release-macos-x86_64, r-release-windows-x86_64, r-oldrel-macos-arm64, r-oldrel-macos-x86_64, r-oldrel-windows-x86_64