CRAN Package Check Results for Package rTwig

Last updated on 2024-06-12 20:59:13 CEST.

Flavor Version Tinstall Tcheck Ttotal Status Flags
r-devel-linux-x86_64-debian-clang 1.0.2 19.26 235.61 254.87 OK
r-devel-linux-x86_64-debian-gcc 1.0.2 0.72 1.77 2.49 ERROR
r-devel-linux-x86_64-fedora-clang 1.0.2 320.14 OK
r-devel-linux-x86_64-fedora-gcc 1.0.2 314.48 OK
r-devel-windows-x86_64 1.0.2 16.00 180.00 196.00 OK
r-patched-linux-x86_64 1.0.2 19.78 226.87 246.65 OK
r-release-linux-x86_64 1.0.2 12.58 229.41 241.99 OK
r-release-macos-arm64 1.0.2 114.00 OK
r-release-macos-x86_64 1.0.2 154.00 OK
r-release-windows-x86_64 1.0.2 17.00 182.00 199.00 OK
r-oldrel-macos-arm64 1.0.2 129.00 OK
r-oldrel-macos-x86_64 1.0.2 258.00 OK
r-oldrel-windows-x86_64 1.0.2 22.00 229.00 251.00 OK

Check Details

Version: 1.0.2
Check: package dependencies
Result: ERROR Packages required but not available: 'igraph', 'tidytable', 'purrr', 'DescTools', 'randomcoloR' Packages suggested but not available for checking: 'ggplot2', 'ggpmisc', 'ggpubr', 'gt', 'yardstick', 'dplyr', 'tidyr' See section ‘The DESCRIPTION file’ in the ‘Writing R Extensions’ manual. Flavor: r-devel-linux-x86_64-debian-gcc