Last updated on 2023-11-30 18:49:41 CET.
Flavor | Version | Tinstall | Tcheck | Ttotal | Status | Flags |
---|---|---|---|---|---|---|
r-devel-linux-x86_64-debian-clang | 1.0-8 | 8.90 | 89.78 | 98.68 | NOTE | |
r-devel-linux-x86_64-debian-gcc | 1.0-8 | 6.71 | 68.88 | 75.59 | NOTE | |
r-devel-linux-x86_64-fedora-clang | 1.0-8 | 123.88 | OK | |||
r-devel-linux-x86_64-fedora-gcc | 1.0-8 | 120.23 | OK | |||
r-devel-windows-x86_64 | 1.0-8 | 10.00 | 90.00 | 100.00 | OK | |
r-patched-linux-x86_64 | 1.0-8 | 10.59 | 87.70 | 98.29 | OK | |
r-release-linux-x86_64 | 1.0-8 | 9.04 | 88.14 | 97.18 | OK | |
r-release-macos-arm64 | 1.0-8 | 39.00 | OK | |||
r-release-macos-x86_64 | 1.0-8 | 95.00 | OK | |||
r-release-windows-x86_64 | 1.0-8 | 13.00 | 110.00 | 123.00 | OK | |
r-oldrel-macos-arm64 | 1.0-8 | 41.00 | OK | |||
r-oldrel-macos-x86_64 | 1.0-8 | 59.00 | OK | |||
r-oldrel-windows-x86_64 | 1.0-8 | 12.00 | 108.00 | 120.00 | OK |
Version: 1.0-8
Check: Rd files
Result: NOTE
checkRd: (-1) post_RA_fits.Rd:61: Lost braces; missing escapes or markup?
61 | \item{\code{H(po_{bm_{n.bm}}, po_act)}:}{ last benchmark prior bm_{n.bm} inducing the fit \code{fits.bm[[n.bm]]} and actual prior}
| ^
Flavors: r-devel-linux-x86_64-debian-clang, r-devel-linux-x86_64-debian-gcc