Last updated on 2023-12-06 18:52:55 CET.
Flavor | Version | Tinstall | Tcheck | Ttotal | Status | Flags |
---|---|---|---|---|---|---|
r-devel-linux-x86_64-debian-clang | 1.2.6 | 130.55 | 32.25 | 162.80 | OK | |
r-devel-linux-x86_64-debian-gcc | 1.2.6 | 116.67 | 25.74 | 142.41 | OK | |
r-devel-linux-x86_64-fedora-clang | 1.2.6 | 209.00 | OK | |||
r-devel-linux-x86_64-fedora-gcc | 1.2.6 | 283.21 | OK | |||
r-devel-windows-x86_64 | 1.2.6 | 119.00 | 83.00 | 202.00 | WARN | |
r-patched-linux-x86_64 | 1.2.6 | 133.97 | 31.21 | 165.18 | OK | |
r-release-linux-x86_64 | 1.2.6 | 138.89 | 30.99 | 169.88 | OK | |
r-release-macos-arm64 | 1.2.6 | 65.00 | NOTE | |||
r-release-macos-x86_64 | 1.2.6 | 93.00 | NOTE | |||
r-release-windows-x86_64 | 1.2.6 | 151.00 | 90.00 | 241.00 | OK | |
r-oldrel-macos-arm64 | 1.2.6 | 64.00 | NOTE | |||
r-oldrel-macos-x86_64 | 1.2.6 | 83.00 | NOTE | |||
r-oldrel-windows-x86_64 | 1.2.6 | 131.00 | 81.00 | 212.00 | OK |
Version: 1.2.6
Check: whether package can be installed
Result: WARN
Found the following significant warnings:
files.h:28:52: warning: conversion lacks type at end of format [-Wformat=]
files.h:28:14: warning: too many arguments for format [-Wformat-extra-args]
See 'd:/Rcompile/CRANpkg/local/4.4/ragg.Rcheck/00install.out' for details.
* used C++ compiler: 'g++.exe (GCC) 12.3.0'
Flavor: r-devel-windows-x86_64
Version: 1.2.6
Check: installed package size
Result: NOTE
installed size is 34.2Mb
sub-directories of 1Mb or more:
libs 34.0Mb
Flavors: r-release-macos-arm64, r-release-macos-x86_64, r-oldrel-macos-arm64, r-oldrel-macos-x86_64