CRAN Package Check Results for Package rainette

Last updated on 2023-12-08 18:55:46 CET.

Flavor Version Tinstall Tcheck Ttotal Status Flags
r-devel-linux-x86_64-debian-clang 0.3.1.1 33.32 194.85 228.17 OK
r-devel-linux-x86_64-debian-gcc 0.3.1.1 22.85 143.87 166.72 OK
r-devel-linux-x86_64-fedora-clang 0.3.1.1 302.98 OK
r-devel-linux-x86_64-fedora-gcc 0.3.1.1 307.65 OK
r-devel-windows-x86_64 0.3.1.1 30.00 169.00 199.00 OK
r-patched-linux-x86_64 0.3.1.1 25.72 186.63 212.35 OK
r-release-linux-x86_64 0.3.1.1 20.83 183.89 204.72 OK
r-release-macos-arm64 0.3.1.1 93.00 OK
r-release-macos-x86_64 0.3.1.1 152.00 NOTE
r-release-windows-x86_64 0.3.1.1 38.00 220.00 258.00 OK
r-oldrel-macos-arm64 0.3.1.1 88.00 OK
r-oldrel-macos-x86_64 0.3.1.1 110.00 OK
r-oldrel-windows-x86_64 0.3.1.1 35.00 207.00 242.00 OK

Check Details

Version: 0.3.1.1
Check: package dependencies
Result: NOTE Package suggested but not available for checking: ‘quanteda.textmodels’ Flavor: r-release-macos-x86_64