CRAN Package Check Results for Package rando

Last updated on 2025-01-20 20:48:35 CET.

Flavor Version Tinstall Tcheck Ttotal Status Flags
r-devel-linux-x86_64-debian-clang 0.2.0 3.96 59.52 63.48 OK
r-devel-linux-x86_64-debian-gcc 0.2.0 3.13 41.41 44.54 OK
r-devel-linux-x86_64-fedora-clang 0.2.0 100.61 OK
r-devel-linux-x86_64-fedora-gcc 0.2.0 94.26 OK
r-devel-windows-x86_64 0.2.0 6.00 81.00 87.00 OK
r-patched-linux-x86_64 0.2.0 4.08 54.34 58.42 NOTE
r-release-linux-x86_64 0.2.0 3.73 54.81 58.54 NOTE
r-release-macos-arm64 0.2.0 32.00 NOTE
r-release-macos-x86_64 0.2.0 52.00 NOTE
r-release-windows-x86_64 0.2.0 5.00 80.00 85.00 NOTE
r-oldrel-macos-arm64 0.2.0 34.00 NOTE
r-oldrel-macos-x86_64 0.2.0 50.00 NOTE
r-oldrel-windows-x86_64 0.2.0 6.00 92.00 98.00 NOTE

Check Details

Version: 0.2.0
Check: LazyData
Result: NOTE 'LazyData' is specified without a 'data' directory Flavors: r-patched-linux-x86_64, r-release-linux-x86_64, r-release-macos-arm64, r-release-macos-x86_64, r-release-windows-x86_64, r-oldrel-macos-arm64, r-oldrel-macos-x86_64, r-oldrel-windows-x86_64