Last updated on 2023-11-27 18:51:16 CET.
Flavor | Version | Tinstall | Tcheck | Ttotal | Status | Flags |
---|---|---|---|---|---|---|
r-devel-linux-x86_64-debian-clang | 0.3.0 | 6.05 | 70.04 | 76.09 | OK | |
r-devel-linux-x86_64-debian-gcc | 0.3.0 | 5.24 | 55.21 | 60.45 | OK | |
r-devel-linux-x86_64-fedora-clang | 0.3.0 | 93.31 | NOTE | |||
r-devel-linux-x86_64-fedora-gcc | 0.3.0 | 99.36 | OK | |||
r-devel-windows-x86_64 | 0.3.0 | 6.00 | 82.00 | 88.00 | OK | |
r-patched-linux-x86_64 | 0.3.0 | 6.59 | 67.68 | 74.27 | OK | |
r-release-linux-x86_64 | 0.3.0 | 6.00 | 67.44 | 73.44 | OK | |
r-release-macos-arm64 | 0.3.0 | 143.00 | OK | |||
r-release-macos-x86_64 | 0.3.0 | 101.00 | OK | |||
r-release-windows-x86_64 | 0.3.0 | 8.00 | 93.00 | 101.00 | OK | |
r-oldrel-macos-arm64 | 0.3.0 | 76.00 | OK | |||
r-oldrel-macos-x86_64 | 0.3.0 | 69.00 | OK | |||
r-oldrel-windows-x86_64 | 0.3.0 | 8.00 | 91.00 | 99.00 | OK |
Version: 0.3.0
Check: Rd cross-references
Result: NOTE
Undeclared package ‘igraph’ in Rd xrefs
Flavor: r-devel-linux-x86_64-fedora-clang