CRAN Package Check Results for Package rasclass

Last updated on 2024-07-24 20:52:31 CEST.

Flavor Version Tinstall Tcheck Ttotal Status Flags
r-devel-linux-x86_64-debian-clang 0.2.2 5.55 38.89 44.44 OK
r-devel-linux-x86_64-debian-gcc 0.2.2 4.51 29.37 33.88 NOTE
r-devel-linux-x86_64-fedora-clang 0.2.2 56.80 OK
r-devel-linux-x86_64-fedora-gcc 0.2.2 53.32 OK
r-devel-windows-x86_64 0.2.2 7.00 52.00 59.00 NOTE
r-patched-linux-x86_64 0.2.2 12.80 37.23 50.03 OK
r-release-linux-x86_64 0.2.2 3.95 36.11 40.06 OK
r-release-macos-arm64 0.2.2 22.00 OK
r-release-macos-x86_64 0.2.2 29.00 OK
r-release-windows-x86_64 0.2.2 6.00 52.00 58.00 OK
r-oldrel-macos-arm64 0.2.2 22.00 OK
r-oldrel-macos-x86_64 0.2.2 27.00 OK
r-oldrel-windows-x86_64 0.2.2 8.00 56.00 64.00 OK

Check Details

Version: 0.2.2
Check: Rd cross-references
Result: NOTE Found the following Rd file(s) with Rd \link{} targets missing package anchors: rasclass-class.Rd: randomForest, multinom, mlp, svm Please provide package anchors for all Rd \link{} targets not in the package itself and the base packages. Flavors: r-devel-linux-x86_64-debian-gcc, r-devel-windows-x86_64