CRAN Package Check Results for Package rchemo

Last updated on 2024-04-24 20:54:19 CEST.

Flavor Version Tinstall Tcheck Ttotal Status Flags
r-devel-linux-x86_64-debian-clang 0.1-1 8.40 88.98 97.38 NOTE
r-devel-linux-x86_64-debian-gcc 0.1-1 8.71 63.75 72.46 NOTE
r-devel-linux-x86_64-fedora-clang 0.1-1 120.66 NOTE
r-devel-linux-x86_64-fedora-gcc 0.1-1 114.58 NOTE
r-devel-windows-x86_64 0.1-1 10.00 96.00 106.00 NOTE
r-patched-linux-x86_64 0.1-1 11.89 84.28 96.17 NOTE
r-release-linux-x86_64 0.1-1 11.56 84.71 96.27 OK
r-release-macos-arm64 0.1-1 35.00 OK
r-release-windows-x86_64 0.1-1 10.00 93.00 103.00 NOTE
r-oldrel-macos-arm64 0.1-1 37.00 OK
r-oldrel-macos-x86_64 0.1-1 103.00 OK
r-oldrel-windows-x86_64 0.1-1 13.00 111.00 124.00 OK

Check Details

Version: 0.1-1
Check: Rd files
Result: NOTE checkRd: (-1) aicplsr.Rd:35: Lost braces 35 | \item{correct}{Logical. If code{TRUE} (default), the AICc corection is applied to the criteria.} | ^ checkRd: (-1) knnda.Rd:53: Lost braces 53 | For \code{knnda}{list with input arguments} | ^ checkRd: (-1) knnr.Rd:53: Lost braces 53 | For \code{knnr}{list with input arguments} | ^ checkRd: (-1) plsda_agg.Rd:59: Lost braces 59 | the model((\code{fm})=(\code{T}): X-scores matrix; (\code{P}): X-loading matrix;(\code{R}): The PLS projection matrix (p,nlv); (\code{W}): X-loading weights matrix ;(\code{C}): The Y-loading weights matrix; (\code{TT}): the X-score normalization factor; (\code{xmeans}): the centering vector of X (p,1); (\code{ymeans}): the centering vector of Y (q,1); (\code{weights}): vector of observation weights; (\code{U}): intermediate output), \code{lev}{classes}, \code{ni}{number of observations in each class}} | ^ checkRd: (-1) plsda_agg.Rd:59: Lost braces 59 | the model((\code{fm})=(\code{T}): X-scores matrix; (\code{P}): X-loading matrix;(\code{R}): The PLS projection matrix (p,nlv); (\code{W}): X-loading weights matrix ;(\code{C}): The Y-loading weights matrix; (\code{TT}): the X-score normalization factor; (\code{xmeans}): the centering vector of X (p,1); (\code{ymeans}): the centering vector of Y (q,1); (\code{weights}): vector of observation weights; (\code{U}): intermediate output), \code{lev}{classes}, \code{ni}{number of observations in each class}} | ^ checkRd: (-1) xfit.Rd:44: Lost braces 44 | For \code{xfit}{matrix of fitted values} | ^ checkRd: (-1) xfit.Rd:46: Lost braces 46 | For \code{xresid}{matrix of residuals} | ^ Flavors: r-devel-linux-x86_64-debian-clang, r-devel-linux-x86_64-debian-gcc, r-devel-linux-x86_64-fedora-clang, r-devel-linux-x86_64-fedora-gcc, r-devel-windows-x86_64, r-patched-linux-x86_64, r-release-windows-x86_64