Last updated on 2023-12-01 18:51:17 CET.
Flavor | Version | Tinstall | Tcheck | Ttotal | Status | Flags |
---|---|---|---|---|---|---|
r-devel-linux-x86_64-debian-clang | 1.6.0 | 14.92 | 170.06 | 184.98 | OK | |
r-devel-linux-x86_64-debian-gcc | 1.6.0 | 12.62 | 124.96 | 137.58 | OK | |
r-devel-linux-x86_64-fedora-clang | 1.6.0 | 227.30 | NOTE | |||
r-devel-linux-x86_64-fedora-gcc | 1.6.0 | 226.50 | NOTE | |||
r-devel-windows-x86_64 | 1.6.0 | 14.00 | 137.00 | 151.00 | OK | |
r-patched-linux-x86_64 | 1.6.0 | 21.55 | 161.77 | 183.32 | OK | |
r-release-linux-x86_64 | 1.6.0 | 11.46 | 159.55 | 171.01 | OK | |
r-release-macos-arm64 | 1.6.0 | 82.00 | OK | |||
r-release-macos-x86_64 | 1.6.0 | 121.00 | OK | |||
r-release-windows-x86_64 | 1.6.0 | 19.00 | 173.00 | 192.00 | OK | |
r-oldrel-macos-arm64 | 1.6.0 | 70.00 | NOTE | |||
r-oldrel-macos-x86_64 | 1.6.0 | 113.00 | NOTE | |||
r-oldrel-windows-x86_64 | 1.6.0 | 19.00 | 163.00 | 182.00 | OK |
Version: 1.6.0
Check: dependencies in R code
Result: NOTE
Namespace in Imports field not imported from: ‘rmarkdown’
All declared Imports should be used.
Flavors: r-devel-linux-x86_64-fedora-clang, r-devel-linux-x86_64-fedora-gcc, r-oldrel-macos-arm64, r-oldrel-macos-x86_64