Last updated on 2023-12-11 18:53:40 CET.
Flavor | Version | Tinstall | Tcheck | Ttotal | Status | Flags |
---|---|---|---|---|---|---|
r-devel-linux-x86_64-debian-clang | 1.8.0 | 14.31 | 121.46 | 135.77 | OK | |
r-devel-linux-x86_64-debian-gcc | 1.8.0 | 12.45 | 95.11 | 107.56 | OK | |
r-devel-linux-x86_64-fedora-clang | 1.8.0 | 172.24 | NOTE | |||
r-devel-linux-x86_64-fedora-gcc | 1.8.0 | 181.31 | OK | |||
r-devel-windows-x86_64 | 1.8.0 | 16.00 | 123.00 | 139.00 | NOTE | |
r-patched-linux-x86_64 | 1.8.0 | 19.54 | 121.26 | 140.80 | OK | |
r-release-linux-x86_64 | 1.8.0 | 15.80 | 119.47 | 135.27 | OK | |
r-release-macos-arm64 | 1.8.0 | 76.00 | NOTE | |||
r-release-macos-x86_64 | 1.8.0 | 199.00 | NOTE | |||
r-release-windows-x86_64 | 1.8.0 | 16.00 | 143.00 | 159.00 | NOTE | |
r-oldrel-macos-arm64 | 1.8.0 | 71.00 | NOTE | |||
r-oldrel-macos-x86_64 | 1.8.0 | 86.00 | NOTE | |||
r-oldrel-windows-x86_64 | 1.8.0 | 20.00 | 139.00 | 159.00 | NOTE |
Version: 1.8.0
Check: installed package size
Result: NOTE
installed size is 6.5Mb
sub-directories of 1Mb or more:
R 3.8Mb
data 1.5Mb
Flavors: r-devel-linux-x86_64-fedora-clang, r-devel-windows-x86_64, r-release-macos-arm64, r-release-macos-x86_64, r-release-windows-x86_64, r-oldrel-macos-arm64, r-oldrel-macos-x86_64, r-oldrel-windows-x86_64