CRAN Package Check Results for Package readBrukerFlexData

Last updated on 2024-02-27 18:49:26 CET.

Flavor Version Tinstall Tcheck Ttotal Status Flags
r-devel-linux-x86_64-debian-clang 1.9.2 2.56 28.03 30.59 OK
r-devel-linux-x86_64-debian-gcc 1.9.2 2.22 21.44 23.66 OK
r-devel-linux-x86_64-fedora-clang 1.9.2 37.28 NOTE
r-devel-linux-x86_64-fedora-gcc 1.9.2 37.75 OK
r-devel-windows-x86_64 1.9.2 4.00 46.00 50.00 OK
r-patched-linux-x86_64 1.9.2 2.64 26.94 29.58 OK
r-release-linux-x86_64 1.9.2 2.58 27.06 29.64 OK
r-release-macos-arm64 1.9.2 21.00 OK
r-release-macos-x86_64 1.9.2 39.00 OK
r-release-windows-x86_64 1.9.2 6.00 46.00 52.00 OK
r-oldrel-macos-arm64 1.9.2 20.00 OK
r-oldrel-windows-x86_64 1.9.2 4.00 45.00 49.00 OK

Check Details

Version: 1.9.2
Check: Rd cross-references
Result: NOTE Undeclared packages ‘readMzXmlData’, ‘MALDIquantForeign’ in Rd xrefs Flavor: r-devel-linux-x86_64-fedora-clang